--
-- Host: localhost    Database: lods
-- ------------------------------------------------------


--
-- Table structure for table `blog_posts`
--

CREATE TABLE `blog_posts` (
  `id` bigint(20) unsigned NOT NULL AUTO_INCREMENT,
  `name` varchar(255) COLLATE utf8mb4_unicode_ci NOT NULL,
  `short_description` varchar(255) COLLATE utf8mb4_unicode_ci NOT NULL,
  `content` longtext COLLATE utf8mb4_unicode_ci NOT NULL,
  `image` varchar(255) COLLATE utf8mb4_unicode_ci NOT NULL,
  `related_product` varchar(255) COLLATE utf8mb4_unicode_ci NOT NULL,
  `slug` varchar(255) COLLATE utf8mb4_unicode_ci NOT NULL,
  `category` varchar(255) COLLATE utf8mb4_unicode_ci NOT NULL,
  `created_at` timestamp NULL DEFAULT NULL,
  `updated_at` timestamp NULL DEFAULT NULL,
  PRIMARY KEY (`id`)
) ENGINE=InnoDB AUTO_INCREMENT=3 DEFAULT CHARSET=utf8mb4 COLLATE=utf8mb4_unicode_ci;

--
-- Dumping data for table `blog_posts`
--

INSERT INTO `blog_posts` VALUES (1,'Procesul-verbal contravențional','Ce trebuie să știm atunci când primim o amendă. Care ne sunt drepturile și obligațiile.','<p style=\"text-align: justify;\">Oricine poate trece prin evenimentul nefericit de a primi o amendă contravențională, &icirc;nsă nu oricine știe cum să se apere &icirc;n aceste situații.</p>\r\n<p style=\"text-align: justify;\">Sediul materiei contravenționale este <a href=\"http://legislatie.just.ro/Public/DetaliiDocument/29779\" target=\"_blank\" rel=\"noopener\"><span style=\"color: #333399;\"><span style=\"color: #000080;\">Ordonanța nr. 2 din 12 iulie 2001</span></span></a>.</p>\r\n<p style=\"text-align: justify;\">&nbsp;</p>\r\n<p style=\"text-align: justify;\"><strong>Ce trebuie să conțină procesul-verbal?</strong></p>\r\n<p style=\"text-align: justify;\">&nbsp;</p>\r\n<p style=\"text-align: justify;\"><strong>Sub sancțiunea nulității, procesul-verbal contravențional trebuie să conțină următoarele:</strong></p>\r\n<ul>\r\n<li style=\"text-align: justify;\">numele, prenumele, calitatea și instituția din care face parte agentul constatator;</li>\r\n<li>numele, prenumele, domiciliul și CNP-ul contravenientului;</li>\r\n<li>descrierea faptei;</li>\r\n<li>data, ora și locul unde a fost săv&acirc;rșită fapta;</li>\r\n<li>actul normativ prin care se stabilește și se sancționează fapta;</li>\r\n<li>posibilitatea de a achita &icirc;n termen de 15 zile jumătate din minimul amenzii;</li>\r\n<li>termenul de exercitare a căii de atac și instanța la care se depune pl&acirc;ngerea.</li>\r\n</ul>\r\n<p style=\"text-align: justify;\"><strong>Drepturile și obligații ale contravenientului:</strong></p>\r\n<ul>\r\n<li style=\"text-align: justify;\">dreptul de a face obiecțiuni cu privire la conținutul actului de constatare;</li>\r\n<li style=\"text-align: justify;\">obligația de a prezenta agentului constatator, la cerere, actul de identitate.</li>\r\n</ul>\r\n<p><strong>Cum și c&acirc;nd contest cele menționate &icirc;n cuprinsul procesului-verbal contravențional:</strong></p>\r\n<p>&nbsp;</p>\r\n<p><strong>Primul moment</strong> &icirc;ncepe chiar odată cu &icirc;ntocmirea procesului-verbal contravențional:</p>\r\n<p>&nbsp;</p>\r\n<p>Atunci c&acirc;nd, dintr-un motiv sau altul, cele inserate &icirc;n curpinsul procesului-verbal contravențional nu corespund realității, aveți posiblitatea de a face obiecțiuni. Obiecțiunile trebuie scrise&nbsp;<em>cuv&acirc;nt-cu-cuv&acirc;nt</em> de către agentul constatator și aveți dreptul să verificați fidelitatea acestora.</p>\r\n<p>&nbsp;</p>\r\n<p>Neconsemnarea obiecțiunilor este un motiv de nulitate a procesului-verbal, iar refuzi să semnezi procesul-verbal contravențional, atunci acesta trebuie confirmat de către un martor.&nbsp;<strong>Important!&nbsp;</strong><span style=\"text-decoration: underline;\">Nu poate avea calitatea de martor un alt agent constatator.</span> &Icirc;n lipsa unui martor, trebuie să fie menționate motivele pentru care nu s-a găsit nicio persoană.</p>\r\n<p>&nbsp;</p>\r\n<p><strong>Al doilea moment</strong> pornește de la comunicarea procesului-verbal contravențional:</p>\r\n<p>&nbsp;</p>\r\n<p>Din momentul comunicării (sau &icirc;nm&acirc;nării) <strong>se poate depune pl&acirc;ngere contravențională &icirc;n termen de 15 zile.</strong> Pl&acirc;ngerea se depune la judecătoria &icirc;n a cărei circumscripție a fost săv&acirc;rșită fapta.</p>\r\n<p>&nbsp;</p>\r\n<p>Prin pl&acirc;ngerea contravențională se pot invoca at&acirc;t motive de nelegalitate a procesului-verbal contravențional, c&acirc;t și de netemeinicie. &Icirc;n prima situație se poate obține anularea &icirc;ntregii amenzi, iar &icirc;n cea de-a doua, fie anularea, fie schimbarea valorii acesteia (&icirc;n sensul reducerii), fie &icirc;nlocuirea sancțiunii cu avertisementul.</p>\r\n<p>&nbsp;</p>\r\n<p><strong>Procesul-verbal neatacat &icirc;n termenul de 15 zile constituie titlu executoriu, fără vreo altă formalitate!</strong></p>\r\n<p>&nbsp;</p>\r\n<p>&nbsp;</p>\r\n<p><strong>Ai primit o amendă ? <span style=\"color: #000080;\"><a style=\"color: #000080;\" href=\"http://lodoabasorin.ro/contact\" target=\"_blank\" rel=\"noopener\">Contactează-ne!</a></span></strong></p>\r\n<p>&nbsp;</p>','blog-posts/June2021/H4RhV4MzsQfQONQwji8r.jpg','1','plangere-contraventionala','Contravențional','2021-05-17 16:21:00','2021-07-12 11:06:08'),(2,'Telemuncă sau muncă de acasă. Ce se întâmplă după starea de alertă ?','Cum arată contractul de telemuncă și ce presupune. Care este diferența între telemuncă și munca de acasă.','<p style=\"text-align: justify;\"><strong>Telemunca&nbsp;</strong>este definită ca fiind forma de organizare a muncii prin care salariatul, &icirc;n mod regulat și voluntar, &icirc;și &icirc;ndeplinește atribuțiile specifice funcției, ocupației sau meseriei pe care o deține &icirc;n alt loc dec&acirc;t locul de muncă organizat de angajator, folosind tehnologia informației și comunicațiilor.</p>\r\n<p style=\"text-align: justify;\">&nbsp;</p>\r\n<p style=\"text-align: justify;\"><strong>Munca de la domiciliu</strong> nu are o definiție legală, fiind doar reglementat că &rdquo;Sunt considerați salariați cu munca la domiciliu acei salariați care &icirc;ndeplinesc, la domiciliul lor, atribuțiile specifice funcțieie pe care o dețin&rdquo;.</p>\r\n<p style=\"text-align: justify;\">&nbsp;</p>\r\n<p><strong>Sediul materiei:</strong></p>\r\n<ul>\r\n<li>Codul Muncii din 2003 (Legea nr. 53 din 24 ianuarie 2003) - republicare;</li>\r\n<li>Legea 81/2018 privind reglementarea activității de telemuncă;</li>\r\n<li>Legea 55/2020 privind unele măsuri pentru prevenirea și combaterea efectelor pandemiei de COVID-19;</li>\r\n<li>Legea 108/1999 pentru &icirc;nființarea și organizarea Inspecției Muncii - republicare;</li>\r\n</ul>\r\n<p>&nbsp;</p>\r\n<p><strong>Distincții &icirc;ntre telemuncă și munca de la domiciliu:</strong></p>\r\n<table style=\"width: 100%; border-collapse: collapse;\" border=\"1\" cellspacing=\"2px\" cellpadding=\"7px\">\r\n<tbody>\r\n<tr>\r\n<td style=\"width: 8.65479%;\">&nbsp;</td>\r\n<td style=\"width: 43.7393%;\"><strong>Telemunca</strong></td>\r\n<td style=\"width: 47.6058%;\"><strong>Munca de la domiciliu</strong></td>\r\n</tr>\r\n<tr>\r\n<td style=\"width: 8.65479%;\"><strong>Definiție:</strong></td>\r\n<td style=\"width: 43.7393%;\">\r\n<ul>\r\n<li>Forma de organizare a muncii prin care salariatul, &icirc;n mod regulat și voluntar, &icirc;și &icirc;ndeplinește atribuțiile specifice funcției, ocupației sau meseriei pe care o deține &icirc;n alt loc dec&acirc;t locul de muncă organizate de angajator, folosind tehnologia informației și comunicațiilor.</li>\r\n</ul>\r\n</td>\r\n<td style=\"width: 47.6058%;\">\r\n<ul>\r\n<li>Nu are o definiție legală. Articolul 108 din Codul Muncii reglementează salariații cu munca la domiciliu ca fiind: &rdquo;acei salariați care &icirc;ndeplinesc, la domiciliul lor, atribuțiile specifice funcției pe care o dețin&rdquo;.&nbsp;</li>\r\n</ul>\r\n</td>\r\n</tr>\r\n<tr>\r\n<td style=\"width: 8.65479%;\"><strong>Conținutul Contractului Individual de Muncă:</strong></td>\r\n<td style=\"width: 43.7393%;\">\r\n<ul>\r\n<li>Cuprinde toate elementele prevăzute la articolul 17 din Codul Muncii <strong>și:</strong></li>\r\n<li>&nbsp;</li>\r\n<li><strong>precizarea expresă că salariatul lucrează &icirc;n regim de telemuncă;</strong></li>\r\n<li>perioada și/sau zilele &icirc;n care telesalariatul &icirc;și desfășoară activitatea la un loc de muncă organizat de angajator;</li>\r\n<li>programul &icirc;n cadrul căruia angajatorul este &icirc;n drept să verifice activitatea telesalariatului și modalitatea concretă de realizare a controlului;</li>\r\n<li>modalitaeta de evidențiere a orelor de muncă prestate de telesalariat;</li>\r\n<li><strong>responsabilitățile părților convenite &icirc;n funcție de locul/locurile desfășurării activității de telemuncă, inclusiv responsabilitățile din domeniul securității și sămătății &icirc;n muncă;</strong></li>\r\n<li>obliația angajatorului de a asigura transportul la și de la locul desfășurării activității de telemuncă al materialelor pe care telesalariatul le utilizează &icirc;n activitatea sa;</li>\r\n<li><strong>obligația angajatorului de a informa telesalariatul cu privire la dispozițiile din reglementările legale, din contractul colectiv de muncă aplicabil și/sau regulamentul intern, &icirc;n materia protecției datelor cu caracter personal, precum și obligația telesalariatului de a respecta aceste prevederi;</strong></li>\r\n<li>măsurile pe care le ia angajatorul pentru ca telesalariatul să nu fie izolat de restul angajaților și care asigură acestuia posibilitatea de a se &icirc;nt&acirc;lni cu colegii &icirc;n mod regulat;</li>\r\n<li>condițiile &icirc;n care angajatorul suportă cheltuielile aferente activității &icirc;n regim de telemuncă.</li>\r\n</ul>\r\n</td>\r\n<td style=\"width: 47.6058%;\">\r\n<ul>\r\n<li>Cuprinde toate elementele prevăzute la art. 17 din Codul Muncii&nbsp;<strong>și:</strong></li>\r\n<li>&nbsp;</li>\r\n<li><strong>precizarea expresă că salariatul lucrează de la domiciliu;</strong></li>\r\n<li>programul &icirc;n cadrul căruia angajatorul este &icirc;n drept să controleze activitatea salariatului său și modalitatea concretă de realizare a controlului;</li>\r\n<li>obligația angajatorului de a asigura transportul la și de la domiciliul salariatului, după caz, al materiilor prime și a materialelor pe care le utilizează &icirc;n activitate, precum și al produselor finite pe care le realizează.</li>\r\n</ul>\r\n<p>&nbsp;</p>\r\n<ul>\r\n<li><strong>Salariații cu munca la domiciliu au obligția de a respecta și de a asigura confidențialitatea informațiilor și documentelor utilizate &icirc;n timpul muncii la domiciliu.</strong></li>\r\n</ul>\r\n</td>\r\n</tr>\r\n<tr>\r\n<td style=\"width: 8.65479%;\"><strong>Locul muncii:</strong></td>\r\n<td style=\"width: 43.7393%;\">\r\n<ul>\r\n<li>&Icirc;n alt loc dec&acirc;t locul de muncă organizate de către angajator.</li>\r\n</ul>\r\n</td>\r\n<td style=\"width: 47.6058%;\">\r\n<ul>\r\n<li>La domiciliul salariatului.</li>\r\n</ul>\r\n</td>\r\n</tr>\r\n<tr>\r\n<td style=\"width: 8.65479%;\"><strong>Programul de muncă:</strong></td>\r\n<td style=\"width: 43.7393%;\">\r\n<ul>\r\n<li>Programul de lucru se organizează de comun acord cu angajatorul, &icirc;n conformitate cu prevederile contractului individual de muncă, regulamentului intern și/sau contractului colectiv de muncă.</li>\r\n</ul>\r\n</td>\r\n<td style=\"width: 47.6058%;\">\r\n<ul>\r\n<li>Se stabilește de către salariat.</li>\r\n</ul>\r\n</td>\r\n</tr>\r\n</tbody>\r\n</table>\r\n<p>&nbsp;</p>\r\n<p>&nbsp;</p>\r\n<p><span style=\"box-sizing: border-box; outline: none; -webkit-font-smoothing: antialiased; font-weight: bolder; font-family: Roboto, sans-serif; font-size: 16px;\"><span style=\"box-sizing: border-box; outline: none; -webkit-font-smoothing: antialiased;\"><span style=\"color: #666666;\">Ai nevoie de mai multe informații ? </span></span><span style=\"color: #000080; box-sizing: border-box; outline: none; -webkit-font-smoothing: antialiased;\"><a style=\"box-sizing: border-box; outline: none; -webkit-font-smoothing: antialiased; color: #000080; text-decoration-line: none; background-color: transparent; cursor: pointer; transition: all 0.3s ease 0s;\" href=\"http://lodoabasorin.ro/contact\" target=\"_blank\" rel=\"noopener\">Contactează-ne!</a></span></span></p>\r\n<p>&nbsp;</p>','blog-posts/June2021/KGGiZ4IQoB9OlPcoXZPM.jpg','1','telemuncă','Dreptul Muncii','2021-06-29 10:21:00','2021-07-19 10:59:41');

--
-- Table structure for table `data_rows`
--

CREATE TABLE `data_rows` (
  `id` int(10) unsigned NOT NULL AUTO_INCREMENT,
  `data_type_id` int(10) unsigned NOT NULL,
  `field` varchar(255) COLLATE utf8mb4_unicode_ci NOT NULL,
  `type` varchar(255) COLLATE utf8mb4_unicode_ci NOT NULL,
  `display_name` varchar(255) COLLATE utf8mb4_unicode_ci NOT NULL,
  `required` tinyint(1) NOT NULL DEFAULT '0',
  `browse` tinyint(1) NOT NULL DEFAULT '1',
  `read` tinyint(1) NOT NULL DEFAULT '1',
  `edit` tinyint(1) NOT NULL DEFAULT '1',
  `add` tinyint(1) NOT NULL DEFAULT '1',
  `delete` tinyint(1) NOT NULL DEFAULT '1',
  `details` text COLLATE utf8mb4_unicode_ci,
  `order` int(11) NOT NULL DEFAULT '1',
  PRIMARY KEY (`id`),
  KEY `data_rows_data_type_id_foreign` (`data_type_id`),
  CONSTRAINT `data_rows_data_type_id_foreign` FOREIGN KEY (`data_type_id`) REFERENCES `data_types` (`id`) ON DELETE CASCADE ON UPDATE CASCADE
) ENGINE=InnoDB AUTO_INCREMENT=71 DEFAULT CHARSET=utf8mb4 COLLATE=utf8mb4_unicode_ci;

--
-- Dumping data for table `data_rows`
--

INSERT INTO `data_rows` VALUES (1,1,'id','number','ID',1,0,0,0,0,0,NULL,1),(2,1,'name','text','Name',1,1,1,1,1,1,NULL,2),(3,1,'email','text','Email',1,1,1,1,1,1,NULL,3),(4,1,'password','password','Password',1,0,0,1,1,0,NULL,4),(5,1,'remember_token','text','Remember Token',0,0,0,0,0,0,NULL,5),(6,1,'created_at','timestamp','Created At',0,1,1,0,0,0,NULL,6),(7,1,'updated_at','timestamp','Updated At',0,0,0,0,0,0,NULL,7),(8,1,'avatar','image','Avatar',0,1,1,1,1,1,NULL,8),(9,1,'user_belongsto_role_relationship','relationship','Role',0,1,1,1,1,0,'{\"model\":\"TCG\\\\Voyager\\\\Models\\\\Role\",\"table\":\"roles\",\"type\":\"belongsTo\",\"column\":\"role_id\",\"key\":\"id\",\"label\":\"display_name\",\"pivot_table\":\"roles\",\"pivot\":0}',10),(10,1,'user_belongstomany_role_relationship','relationship','Roles',0,1,1,1,1,0,'{\"model\":\"TCG\\\\Voyager\\\\Models\\\\Role\",\"table\":\"roles\",\"type\":\"belongsToMany\",\"column\":\"id\",\"key\":\"id\",\"label\":\"display_name\",\"pivot_table\":\"user_roles\",\"pivot\":\"1\",\"taggable\":\"0\"}',11),(11,1,'settings','hidden','Settings',0,0,0,0,0,0,NULL,12),(12,2,'id','number','ID',1,0,0,0,0,0,NULL,1),(13,2,'name','text','Name',1,1,1,1,1,1,NULL,2),(14,2,'created_at','timestamp','Created At',0,0,0,0,0,0,NULL,3),(15,2,'updated_at','timestamp','Updated At',0,0,0,0,0,0,NULL,4),(16,3,'id','number','ID',1,0,0,0,0,0,NULL,1),(17,3,'name','text','Name',1,1,1,1,1,1,NULL,2),(18,3,'created_at','timestamp','Created At',0,0,0,0,0,0,NULL,3),(19,3,'updated_at','timestamp','Updated At',0,0,0,0,0,0,NULL,4),(20,3,'display_name','text','Display Name',1,1,1,1,1,1,NULL,5),(21,1,'role_id','text','Role',1,1,1,1,1,1,NULL,9),(32,7,'id','text','Id',1,0,0,0,0,0,'{}',1),(33,7,'name','text','Titlu',1,1,1,1,1,1,'{}',2),(34,7,'short_description','text_area','Descriere scurta',1,0,1,1,1,0,'{}',5),(35,7,'content','rich_text_box','Continut',1,0,1,1,1,0,'{\"tinymceOptions\":{\"min_height\":\"300\",\"toolbar\":\"styleselect bold italic underline blockquote | forecolor backcolor | alignleft aligncenter alignright | bullist numlist outdent indent | link image media table | code | sizeselect | bold italic | fontselect |  fontsizeselect\",\"fontsize_formats\":\"8pt 10pt 12pt 14pt 18pt 24pt 36pt\",\"external_plugins\":{\"media\":\"\\/js\\/tinymce\\/plugins\\/media\\/plugin.min.js\"}},\"filter\":true}',6),(36,7,'image','image','Imagine coperta',1,0,1,1,1,0,'{}',4),(37,7,'related_product','text','Produs relationat',1,0,1,1,1,0,'{}',7),(38,7,'slug','text','Slug (link)',1,1,1,1,1,0,'{}',3),(39,7,'category','select_dropdown','Categorie',1,1,1,1,1,1,'{\"default\":\"\",\"options\":{\"option1\":\"ziarul agricultorului\",\"option2\":\"sfaturi utile\"}}',8),(40,7,'created_at','timestamp','Created At',0,1,1,1,0,0,'{}',9),(41,7,'updated_at','timestamp','Updated At',0,0,1,1,0,0,'{}',10),(42,8,'id','text','Id',1,0,0,0,0,0,'{}',1),(43,8,'page_id','text','Page Id',1,0,0,0,1,0,'{}',2),(44,8,'locale','hidden','Locale',1,0,0,0,1,0,'{\"default\":\"en\"}',4),(45,8,'title','text','Title',1,1,1,1,1,0,'{}',5),(46,8,'route','text','Route',1,1,1,1,1,0,'{}',6),(47,8,'created_at','timestamp','Created At',0,1,1,1,0,0,'{}',8),(48,8,'updated_at','timestamp','Updated At',0,0,0,0,0,0,'{}',9),(49,8,'parent_page','select_dropdown','Parent Page',0,0,0,1,0,0,'{}',3),(50,8,'pagebuilder__page_translation_hasone_pagebuilder__page_translation_relationship','relationship','Pagina parinte',0,1,1,1,1,0,'{\"display\":{\"width\":\"6\"},\"model\":\"App\\\\Models\\\\Page\",\"table\":\"pagebuilder__page_translations\",\"type\":\"belongsTo\",\"column\":\"parent_page\",\"key\":\"id\",\"label\":\"title\",\"pivot_table\":\"blog_posts\",\"pivot\":\"0\",\"taggable\":\"0\"}',7),(51,8,'deleted_at','timestamp','Deleted At',0,0,0,0,0,0,'{}',9),(52,9,'id','text','Id',1,0,0,0,0,0,'{}',1),(53,9,'name','text','Name',1,1,1,1,1,1,'{}',2),(54,9,'short_description','text','Short Description',1,0,1,1,1,0,'{}',3),(55,9,'content','rich_text_box','Content',1,0,1,1,1,0,'{}',4),(56,9,'image','image','Image',1,0,1,1,1,0,'{}',5),(57,9,'related_product','text','Related Product',1,1,0,1,1,0,'{}',6),(58,9,'slug','text','Slug',1,1,1,1,1,0,'{}',7),(59,9,'category','text','Category',1,1,1,1,1,0,'{}',8),(60,9,'created_at','timestamp','Created At',0,1,1,1,0,1,'{}',9),(61,9,'updated_at','timestamp','Updated At',0,0,0,0,0,0,'{}',10),(62,9,'blog_post_belongsto_pagebuilder__page_translation_relationship','relationship','Produs relationat',0,1,1,1,1,1,'{\"model\":\"App\\\\Models\\\\Page\",\"table\":\"pagebuilder__page_translations\",\"type\":\"belongsTo\",\"column\":\"related_product\",\"key\":\"page_id\",\"label\":\"title\",\"pivot_table\":\"blog_posts\",\"pivot\":\"0\",\"taggable\":\"0\"}',11),(63,11,'id','text','Id',1,0,0,0,0,0,'{}',1),(64,11,'name','text','Name',1,1,1,1,1,1,'{}',2),(65,11,'layout','select_dropdown','Layout',1,1,1,1,1,1,'{\"default\":\"master\",\"options\":{\"master\":\"Master\"}}',3),(66,11,'data','text','Data',0,0,0,0,0,0,'{}',4),(67,11,'created_at','timestamp','Created At',0,1,1,1,0,1,'{}',5),(68,11,'updated_at','timestamp','Updated At',0,0,0,0,0,0,'{}',6),(69,11,'data_versions','text','Data Versions',1,0,0,1,1,0,'{}',7),(70,8,'pagebuilder__page_translation_belongsto_pagebuilder__page_relationship','relationship','Data Bucket',0,0,0,0,1,0,'{\"model\":\"App\\\\Models\\\\DataBucket\",\"table\":\"pagebuilder__pages\",\"type\":\"belongsTo\",\"column\":\"page_id\",\"key\":\"id\",\"label\":\"name\",\"pivot_table\":\"blog_posts\",\"pivot\":\"0\",\"taggable\":\"0\"}',10);

--
-- Table structure for table `data_types`
--

CREATE TABLE `data_types` (
  `id` int(10) unsigned NOT NULL AUTO_INCREMENT,
  `name` varchar(255) COLLATE utf8mb4_unicode_ci NOT NULL,
  `slug` varchar(255) COLLATE utf8mb4_unicode_ci NOT NULL,
  `display_name_singular` varchar(255) COLLATE utf8mb4_unicode_ci NOT NULL,
  `display_name_plural` varchar(255) COLLATE utf8mb4_unicode_ci NOT NULL,
  `icon` varchar(255) COLLATE utf8mb4_unicode_ci DEFAULT NULL,
  `model_name` varchar(255) COLLATE utf8mb4_unicode_ci DEFAULT NULL,
  `policy_name` varchar(255) COLLATE utf8mb4_unicode_ci DEFAULT NULL,
  `controller` varchar(255) COLLATE utf8mb4_unicode_ci DEFAULT NULL,
  `description` varchar(255) COLLATE utf8mb4_unicode_ci DEFAULT NULL,
  `generate_permissions` tinyint(1) NOT NULL DEFAULT '0',
  `server_side` tinyint(4) NOT NULL DEFAULT '0',
  `details` text COLLATE utf8mb4_unicode_ci,
  `created_at` timestamp NULL DEFAULT NULL,
  `updated_at` timestamp NULL DEFAULT NULL,
  PRIMARY KEY (`id`),
  UNIQUE KEY `data_types_name_unique` (`name`),
  UNIQUE KEY `data_types_slug_unique` (`slug`)
) ENGINE=InnoDB AUTO_INCREMENT=12 DEFAULT CHARSET=utf8mb4 COLLATE=utf8mb4_unicode_ci;

--
-- Dumping data for table `data_types`
--

INSERT INTO `data_types` VALUES (1,'users','users','User','Users','voyager-person','TCG\\Voyager\\Models\\User','TCG\\Voyager\\Policies\\UserPolicy','TCG\\Voyager\\Http\\Controllers\\VoyagerUserController','',1,0,NULL,'2021-02-15 11:11:53','2021-02-15 11:11:53'),(2,'menus','menus','Menu','Menus','voyager-list','TCG\\Voyager\\Models\\Menu',NULL,'','',1,0,NULL,'2021-02-15 11:11:53','2021-02-15 11:11:53'),(3,'roles','roles','Role','Roles','voyager-lock','TCG\\Voyager\\Models\\Role',NULL,'TCG\\Voyager\\Http\\Controllers\\VoyagerRoleController','',1,0,NULL,'2021-02-15 11:11:53','2021-02-15 11:11:53'),(7,'blog-posts','articole','Articol','Articole',NULL,'Modules\\Blog\\Entities\\BlogPost',NULL,NULL,NULL,0,1,'{\"order_column\":\"created_at\",\"order_display_column\":\"created_at\",\"order_direction\":\"desc\",\"default_search_key\":\"name\",\"scope\":null}','2021-03-03 09:27:22','2021-03-03 09:45:57'),(8,'pagebuilder__page_translations','pagini','Pagina','Pagini',NULL,'App\\Models\\Page',NULL,NULL,NULL,1,0,'{\"order_column\":\"updated_at\",\"order_display_column\":\"title\",\"order_direction\":\"desc\",\"default_search_key\":\"title\",\"scope\":null}','2021-03-03 10:37:28','2021-03-10 06:08:28'),(9,'blog_posts','blog-posts','Articol','Articole',NULL,'Modules\\Blog\\Entities\\BlogPost',NULL,NULL,NULL,0,0,'{\"order_column\":null,\"order_display_column\":null,\"order_direction\":\"asc\",\"default_search_key\":null,\"scope\":null}','2021-03-05 14:27:35','2021-03-17 08:21:11'),(11,'pagebuilder__pages','databuckets','Data bucket','Data buckets',NULL,'App\\Models\\DataBucket',NULL,NULL,NULL,1,0,'{\"order_column\":null,\"order_display_column\":null,\"order_direction\":\"asc\",\"default_search_key\":null,\"scope\":null}','2021-03-10 05:54:11','2021-03-10 05:56:20');

--
-- Table structure for table `failed_jobs`
--

CREATE TABLE `failed_jobs` (
  `id` bigint(20) unsigned NOT NULL AUTO_INCREMENT,
  `uuid` varchar(255) COLLATE utf8mb4_unicode_ci NOT NULL,
  `connection` text COLLATE utf8mb4_unicode_ci NOT NULL,
  `queue` text COLLATE utf8mb4_unicode_ci NOT NULL,
  `payload` longtext COLLATE utf8mb4_unicode_ci NOT NULL,
  `exception` longtext COLLATE utf8mb4_unicode_ci NOT NULL,
  `failed_at` timestamp NOT NULL DEFAULT CURRENT_TIMESTAMP,
  PRIMARY KEY (`id`),
  UNIQUE KEY `failed_jobs_uuid_unique` (`uuid`)
) ENGINE=InnoDB DEFAULT CHARSET=utf8mb4 COLLATE=utf8mb4_unicode_ci;

--
-- Dumping data for table `failed_jobs`
--


--
-- Table structure for table `menu_items`
--

CREATE TABLE `menu_items` (
  `id` int(10) unsigned NOT NULL AUTO_INCREMENT,
  `menu_id` int(10) unsigned DEFAULT NULL,
  `title` varchar(255) COLLATE utf8mb4_unicode_ci NOT NULL,
  `url` varchar(255) COLLATE utf8mb4_unicode_ci NOT NULL,
  `target` varchar(255) COLLATE utf8mb4_unicode_ci NOT NULL DEFAULT '_self',
  `icon_class` varchar(255) COLLATE utf8mb4_unicode_ci DEFAULT NULL,
  `color` varchar(255) COLLATE utf8mb4_unicode_ci DEFAULT NULL,
  `parent_id` int(11) DEFAULT NULL,
  `order` int(11) NOT NULL,
  `created_at` timestamp NULL DEFAULT NULL,
  `updated_at` timestamp NULL DEFAULT NULL,
  `route` varchar(255) COLLATE utf8mb4_unicode_ci DEFAULT NULL,
  `parameters` text COLLATE utf8mb4_unicode_ci,
  `image` varchar(255) COLLATE utf8mb4_unicode_ci DEFAULT NULL,
  `description` varchar(255) COLLATE utf8mb4_unicode_ci DEFAULT NULL,
  PRIMARY KEY (`id`),
  KEY `menu_items_menu_id_foreign` (`menu_id`),
  CONSTRAINT `menu_items_menu_id_foreign` FOREIGN KEY (`menu_id`) REFERENCES `menus` (`id`) ON DELETE CASCADE
) ENGINE=InnoDB AUTO_INCREMENT=78 DEFAULT CHARSET=utf8mb4 COLLATE=utf8mb4_unicode_ci;

--
-- Dumping data for table `menu_items`
--

INSERT INTO `menu_items` VALUES (1,1,'Dashboard','','_self','voyager-boat',NULL,NULL,1,'2021-02-15 11:11:53','2021-03-12 06:48:06','voyager.dashboard',NULL,NULL,NULL),(2,1,'Media','','_self','voyager-images',NULL,NULL,8,'2021-02-15 11:11:53','2021-03-12 06:48:17','voyager.media.index',NULL,NULL,NULL),(3,1,'Users','','_self','voyager-person',NULL,NULL,7,'2021-02-15 11:11:53','2021-03-12 06:48:17','voyager.users.index',NULL,NULL,NULL),(4,1,'Roles','','_self','voyager-lock',NULL,NULL,6,'2021-02-15 11:11:53','2021-03-12 06:48:17','voyager.roles.index',NULL,NULL,NULL),(5,1,'Tools','','_self','voyager-tools',NULL,NULL,9,'2021-02-15 11:11:53','2021-03-12 06:48:17',NULL,NULL,NULL,NULL),(6,1,'Menu Builder','','_self','voyager-list',NULL,NULL,4,'2021-02-15 11:11:53','2021-03-12 06:48:17','voyager.menus.index',NULL,NULL,NULL),(7,1,'Database','','_self','voyager-data',NULL,5,1,'2021-02-15 11:11:53','2021-03-12 06:48:17','voyager.database.index',NULL,NULL,NULL),(8,1,'Compass','','_self','voyager-compass',NULL,5,2,'2021-02-15 11:11:53','2021-03-12 06:48:17','voyager.compass.index',NULL,NULL,NULL),(9,1,'BREAD','','_self','voyager-bread',NULL,5,3,'2021-02-15 11:11:53','2021-03-12 06:48:17','voyager.bread.index',NULL,NULL,NULL),(10,1,'Settings','','_self','voyager-settings',NULL,NULL,5,'2021-02-15 11:11:53','2021-03-12 06:48:17','voyager.settings.index',NULL,NULL,NULL),(11,1,'Hooks','','_self','voyager-hook',NULL,5,4,'2021-02-15 11:11:54','2021-03-12 06:48:17','voyager.hooks',NULL,NULL,NULL),(15,1,'Pagini','','_self',NULL,NULL,NULL,2,'2021-03-03 10:37:28','2021-03-12 06:48:09','voyager.pagini.index',NULL,NULL,NULL),(17,1,'Articole','','_self',NULL,NULL,NULL,3,'2021-03-05 14:27:35','2021-03-12 06:48:09','voyager.blog-posts.index',NULL,NULL,NULL),(37,1,'Data buckets','','_self',NULL,NULL,NULL,10,'2021-03-10 05:54:12','2021-03-12 06:48:17','voyager.databuckets.index',NULL,NULL,NULL),(60,2,'Acasă','/','_self',NULL,NULL,NULL,1,'2021-03-15 18:18:22','2021-07-12 12:36:54',NULL,'',NULL,NULL),(61,2,'Despre','/despre','_self',NULL,NULL,NULL,2,'2021-03-15 18:18:40','2021-03-15 18:33:22',NULL,'',NULL,NULL),(62,2,'Proceduri și onorarii','/servicii','_self',NULL,NULL,NULL,3,'2021-03-15 18:18:59','2021-07-12 12:37:09',NULL,'',NULL,NULL),(68,2,'Contact','/contact','_self',NULL,NULL,NULL,6,'2021-03-16 22:03:49','2021-07-12 12:34:45',NULL,'',NULL,NULL),(69,2,'Articole','/studii-de-caz','_self',NULL,NULL,NULL,4,'2021-03-17 10:02:05','2021-06-14 10:58:53',NULL,'',NULL,NULL),(70,4,'Random','','_self',NULL,NULL,NULL,11,'2021-05-21 13:07:53','2021-05-21 13:07:53',NULL,'',NULL,NULL),(71,5,'Înalta Curte de Casație și Justiție','http://www.scj.ro/','_blank',NULL,NULL,NULL,12,'2021-06-14 11:12:24','2021-06-14 11:12:24',NULL,'',NULL,NULL),(72,5,'Curtea Constituțională a României','https://www.ccr.ro/','_blank',NULL,NULL,NULL,13,'2021-06-14 11:12:44','2021-06-14 11:12:44',NULL,'',NULL,NULL),(73,5,'Portalul Instanțelor din România','http://portal.just.ro/SitePages/acasa.aspx','_blank',NULL,NULL,NULL,14,'2021-06-14 11:13:01','2021-06-14 11:13:01',NULL,'',NULL,NULL),(74,5,'Portal Legislativ','http://legislatie.just.ro/','_blank',NULL,NULL,NULL,15,'2021-06-14 11:13:18','2021-06-14 11:13:18',NULL,'',NULL,NULL),(75,5,'Curtea Europeană a Drepturilor Omului','https://www.echr.coe.int/Pages/home.aspx?p=home','_self',NULL,NULL,NULL,16,'2021-06-14 11:13:35','2021-06-14 11:13:35',NULL,'',NULL,NULL),(76,5,'Curtea de Justiție a Uniunii Europene','https://curia.europa.eu/jcms/jcms/j_6/ro/','_blank',NULL,NULL,NULL,17,'2021-06-14 11:14:03','2021-06-14 11:14:03',NULL,'',NULL,NULL),(77,2,'Termeni și Condiții','/termeni-conditii','_self',NULL,NULL,NULL,5,'2021-07-12 12:34:00','2021-07-12 12:34:45',NULL,'',NULL,NULL);

--
-- Table structure for table `menus`
--

CREATE TABLE `menus` (
  `id` int(10) unsigned NOT NULL AUTO_INCREMENT,
  `name` varchar(255) COLLATE utf8mb4_unicode_ci NOT NULL,
  `created_at` timestamp NULL DEFAULT NULL,
  `updated_at` timestamp NULL DEFAULT NULL,
  PRIMARY KEY (`id`),
  UNIQUE KEY `menus_name_unique` (`name`)
) ENGINE=InnoDB AUTO_INCREMENT=6 DEFAULT CHARSET=utf8mb4 COLLATE=utf8mb4_unicode_ci;

--
-- Dumping data for table `menus`
--

INSERT INTO `menus` VALUES (1,'admin','2021-02-15 11:11:53','2021-02-15 11:11:53'),(2,'website-menu','2021-03-09 05:32:32','2021-03-09 05:32:32'),(4,'footer-quicklinks','2021-03-11 10:29:10','2021-03-11 10:29:10'),(5,'footer-tandc','2021-03-11 10:30:04','2021-03-11 10:30:04');

--
-- Table structure for table `migrations`
--

CREATE TABLE `migrations` (
  `id` int(10) unsigned NOT NULL AUTO_INCREMENT,
  `migration` varchar(255) COLLATE utf8mb4_unicode_ci NOT NULL,
  `batch` int(11) NOT NULL,
  PRIMARY KEY (`id`)
) ENGINE=InnoDB AUTO_INCREMENT=34 DEFAULT CHARSET=utf8mb4 COLLATE=utf8mb4_unicode_ci;

--
-- Dumping data for table `migrations`
--

INSERT INTO `migrations` VALUES (1,'2014_10_12_000000_create_users_table',1),(2,'2014_10_12_100000_create_password_resets_table',1),(3,'2019_08_19_000000_create_failed_jobs_table',1),(4,'2019_11_18_105032_create_pages_table',1),(5,'2019_11_18_105615_create_uploads_table',1),(6,'2020_04_18_064412_create_page_translations_table',1),(7,'2020_04_18_065546_create_settings_table',1),(9,'2021_03_03_114812_add_options_to_pages_table',1),(10,'2021_03_03_123216_add_options_to_page_translations_table',1),(11,'2016_01_01_000000_add_voyager_user_fields',2),(12,'2016_01_01_000000_create_data_types_table',2),(13,'2016_05_19_173453_create_menu_table',2),(14,'2016_10_21_190000_create_roles_table',2),(15,'2016_10_21_190000_create_settings_table',2),(16,'2016_11_30_135954_create_permission_table',2),(17,'2016_11_30_141208_create_permission_role_table',2),(18,'2016_12_26_201236_data_types__add__server_side',2),(19,'2017_01_13_000000_add_route_to_menu_items_table',2),(20,'2017_01_14_005015_create_translations_table',2),(21,'2017_01_15_000000_make_table_name_nullable_in_permissions_table',2),(22,'2017_03_06_000000_add_controller_to_data_types_table',2),(23,'2017_04_21_000000_add_order_to_data_rows_table',2),(24,'2017_07_05_210000_add_policyname_to_data_types_table',2),(25,'2017_08_05_000000_add_group_to_settings_table',2),(26,'2017_11_26_013050_add_user_role_relationship',2),(27,'2017_11_26_015000_create_user_roles_table',2),(28,'2018_03_11_000000_add_user_settings',2),(29,'2018_03_14_000000_add_details_to_data_types_table',2),(30,'2018_03_16_000000_make_settings_value_nullable',2),(31,'2021_03_08_110121_add_options_to_menu_table',2),(32,'2021_03_10_075811_add_options_to_pagebuilder__pages_table',2),(33,'2021_03_03_105242_create_posts_table',3);

--
-- Table structure for table `pagebuilder__page_translations`
--

CREATE TABLE `pagebuilder__page_translations` (
  `id` int(10) unsigned NOT NULL AUTO_INCREMENT,
  `page_id` int(10) unsigned NOT NULL,
  `locale` varchar(50) COLLATE utf8mb4_unicode_ci NOT NULL,
  `title` varchar(255) COLLATE utf8mb4_unicode_ci NOT NULL,
  `route` varchar(255) COLLATE utf8mb4_unicode_ci NOT NULL,
  `created_at` timestamp NULL DEFAULT NULL,
  `updated_at` timestamp NULL DEFAULT NULL,
  `parent_page` int(10) unsigned DEFAULT NULL,
  `deleted_at` timestamp NULL DEFAULT NULL,
  PRIMARY KEY (`id`),
  UNIQUE KEY `pagebuilder__page_translations_page_id_locale_unique` (`page_id`,`locale`),
  KEY `pagebuilder__page_translations_parent_page_foreign` (`parent_page`),
  CONSTRAINT `pagebuilder__page_translations_page_id_foreign` FOREIGN KEY (`page_id`) REFERENCES `pagebuilder__pages` (`id`) ON DELETE CASCADE ON UPDATE CASCADE,
  CONSTRAINT `pagebuilder__page_translations_parent_page_foreign` FOREIGN KEY (`parent_page`) REFERENCES `pagebuilder__page_translations` (`id`)
) ENGINE=InnoDB AUTO_INCREMENT=11 DEFAULT CHARSET=utf8mb4 COLLATE=utf8mb4_unicode_ci;

--
-- Dumping data for table `pagebuilder__page_translations`
--

INSERT INTO `pagebuilder__page_translations` VALUES (1,1,'en','Acasa','/','2021-03-15 15:26:52','1970-01-01 00:00:05',NULL,NULL),(2,2,'en','Despre','/despre','2021-03-16 19:55:40','1970-01-01 00:00:04',NULL,NULL),(3,3,'en','Procedura de lucru','/servicii','2021-03-16 20:27:37','1970-01-01 00:00:03',NULL,NULL),(4,4,'en','Contact','/contact','2021-03-16 21:59:48','1970-01-01 00:00:02',NULL,NULL),(5,5,'en','Test','/test',NULL,'1970-01-01 00:00:01',NULL,'2021-03-17 08:04:51'),(7,6,'en','About-clone','/despre-clone',NULL,'2021-06-05 19:42:52',NULL,'2021-06-05 19:42:52'),(8,7,'en','Procedure-clone','/servicii-clone',NULL,'2021-06-06 06:05:01',NULL,'2021-06-06 06:05:01'),(9,8,'en','Termeni si Conditii','/termeni-conditii','2021-06-14 13:49:00','2021-07-12 12:31:16',NULL,NULL),(10,9,'en','Homepage-clone','/-clone',NULL,'2021-07-22 13:29:55',NULL,'2021-07-22 13:29:55');

--
-- Table structure for table `pagebuilder__pages`
--

CREATE TABLE `pagebuilder__pages` (
  `id` int(10) unsigned NOT NULL AUTO_INCREMENT,
  `name` varchar(256) COLLATE utf8mb4_unicode_ci NOT NULL,
  `layout` varchar(256) COLLATE utf8mb4_unicode_ci NOT NULL,
  `data` longtext COLLATE utf8mb4_unicode_ci,
  `created_at` timestamp NULL DEFAULT NULL,
  `updated_at` timestamp NULL DEFAULT NULL,
  `data_versions` varchar(255) COLLATE utf8mb4_unicode_ci DEFAULT NULL,
  PRIMARY KEY (`id`)
) ENGINE=InnoDB AUTO_INCREMENT=10 DEFAULT CHARSET=utf8mb4 COLLATE=utf8mb4_unicode_ci;

--
-- Dumping data for table `pagebuilder__pages`
--

INSERT INTO `pagebuilder__pages` VALUES (1,'Homepage','master','{\"html\":[\"[block slug=\\\"quote-section\\\" id=\\\"IDKMC8YCXV94TAF3\\\"][block slug=\\\"100 - container-full\\\" id=\\\"IDKMCASL28HAUHJ4\\\"]\"],\"components\":[[{\"tagName\":\"phpb-block\",\"content\":\"\",\"attributes\":{\"slug\":\"quote-section\",\"id\":\"IDKMC8YCXV94TAF3\"}},{\"tagName\":\"phpb-block\",\"content\":\"\",\"attributes\":{\"slug\":\"100 - container-full\",\"id\":\"IDKMCASL28HAUHJ4\"}}]],\"css\":\"* { box-sizing: border-box; } body {margin: 0;}.fight-quote.pr-xl-0.pt-5.pl-5.pr-5.IDKMC8TJAZ06TCJ11.IDKMC92BLMYNVYQ1{padding:42px 20px 50px 42px;margin:0 0 0 0;text-align:left;}.fight-against-section.home-fight.mt-120.IDKMC8TJARUNC1Q10.IDKMC92BLJKGXS20{text-align:justify;margin:90px 0 0 0;}.service-content.IDKMC99ZW7TBU3F22.IDKMCANP4RNDKLC2{padding:15px 10px 20px 10px;}.service-content.IDKMC9A2Q6BWSIS26.IDKMCANP4WO33QL5{padding:15px 10px 20px 10px;}.service-content.IDKMC9B4YJGOWO935.IDKMCANP51LOHM79{padding:15px 10px 20px 10px;text-align:center;}.service-content.IDKMC9B53FFKCF238.IDKMCANP5610VK612.IDKMCFL1MU0J8TG2{padding:15px 10px 20px 10px;}.service-content.IDKMC9B4YJGOWO935.IDKMCFLVSP1TKJN5{padding:15px 10px 20px 10px;}.service-content.IDKMC9B53FFKCF238.IDKMCANP5610VK612.IDKMCFLVTC3A9JM7{padding:15px 10px 20px 10px;}#ijk5w{background-color:#333;padding:12px 0;}#i2kk1a{object-fit:cover;}\",\"style\":[{\"selectors\":[{\"name\":\"fight-quote\",\"label\":\"fight-quote\",\"type\":1,\"active\":true,\"private\":false,\"protected\":false},{\"name\":\"pr-xl-0\",\"label\":\"pr-xl-0\",\"type\":1,\"active\":true,\"private\":false,\"protected\":false},{\"name\":\"pt-5\",\"label\":\"pt-5\",\"type\":1,\"active\":true,\"private\":false,\"protected\":false},{\"name\":\"pl-5\",\"label\":\"pl-5\",\"type\":1,\"active\":true,\"private\":false,\"protected\":false},{\"name\":\"pr-5\",\"label\":\"pr-5\",\"type\":1,\"active\":true,\"private\":false,\"protected\":false},{\"name\":\"IDKMC8TJAZ06TCJ11\",\"label\":\"IDKMC8TJAZ06TCJ11\",\"type\":1,\"active\":true,\"private\":false,\"protected\":false},{\"name\":\"IDKMC92BLMYNVYQ1\",\"label\":\"IDKMC92BLMYNVYQ1\",\"type\":1,\"active\":true,\"private\":false,\"protected\":false}],\"style\":{\"padding\":\"42px 20px 50px 42px\",\"margin\":\"0 0 0 0\",\"text-align\":\"left\"}},{\"selectors\":[{\"name\":\"fight-against-section\",\"label\":\"fight-against-section\",\"type\":1,\"active\":true,\"private\":false,\"protected\":false},{\"name\":\"home-fight\",\"label\":\"home-fight\",\"type\":1,\"active\":true,\"private\":false,\"protected\":false},{\"name\":\"mt-120\",\"label\":\"mt-120\",\"type\":1,\"active\":true,\"private\":false,\"protected\":false},{\"name\":\"IDKMC8TJARUNC1Q10\",\"label\":\"IDKMC8TJARUNC1Q10\",\"type\":1,\"active\":true,\"private\":false,\"protected\":false},{\"name\":\"IDKMC92BLJKGXS20\",\"label\":\"IDKMC92BLJKGXS20\",\"type\":1,\"active\":true,\"private\":false,\"protected\":false}],\"style\":{\"text-align\":\"justify\",\"margin\":\"90px 0 0 0\"}},{\"selectors\":[{\"name\":\"service-content\",\"label\":\"service-content\",\"type\":1,\"active\":true,\"private\":false,\"protected\":false},{\"name\":\"IDKMC99ZW7TBU3F22\",\"label\":\"IDKMC99ZW7TBU3F22\",\"type\":1,\"active\":true,\"private\":false,\"protected\":false},{\"name\":\"IDKMCANP4RNDKLC2\",\"label\":\"IDKMCANP4RNDKLC2\",\"type\":1,\"active\":true,\"private\":false,\"protected\":false}],\"style\":{\"padding\":\"15px 10px 20px 10px\"}},{\"selectors\":[{\"name\":\"service-content\",\"label\":\"service-content\",\"type\":1,\"active\":true,\"private\":false,\"protected\":false},{\"name\":\"IDKMC9A2Q6BWSIS26\",\"label\":\"IDKMC9A2Q6BWSIS26\",\"type\":1,\"active\":true,\"private\":false,\"protected\":false},{\"name\":\"IDKMCANP4WO33QL5\",\"label\":\"IDKMCANP4WO33QL5\",\"type\":1,\"active\":true,\"private\":false,\"protected\":false}],\"style\":{\"padding\":\"15px 10px 20px 10px\"}},{\"selectors\":[{\"name\":\"service-content\",\"label\":\"service-content\",\"type\":1,\"active\":true,\"private\":false,\"protected\":false},{\"name\":\"IDKMC9B4YJGOWO935\",\"label\":\"IDKMC9B4YJGOWO935\",\"type\":1,\"active\":true,\"private\":false,\"protected\":false},{\"name\":\"IDKMCANP51LOHM79\",\"label\":\"IDKMCANP51LOHM79\",\"type\":1,\"active\":true,\"private\":false,\"protected\":false}],\"style\":{\"padding\":\"15px 10px 20px 10px\",\"text-align\":\"center\"}},{\"selectors\":[{\"name\":\"service-content\",\"label\":\"service-content\",\"type\":1,\"active\":true,\"private\":false,\"protected\":false},{\"name\":\"IDKMC9B53FFKCF238\",\"label\":\"IDKMC9B53FFKCF238\",\"type\":1,\"active\":true,\"private\":false,\"protected\":false},{\"name\":\"IDKMCANP5610VK612\",\"label\":\"IDKMCANP5610VK612\",\"type\":1,\"active\":true,\"private\":false,\"protected\":false},{\"name\":\"IDKMCFL1MU0J8TG2\",\"label\":\"IDKMCFL1MU0J8TG2\",\"type\":1,\"active\":true,\"private\":false,\"protected\":false}],\"style\":{\"padding\":\"15px 10px 20px 10px\"}},{\"selectors\":[{\"name\":\"service-content\",\"label\":\"service-content\",\"type\":1,\"active\":true,\"private\":false,\"protected\":false},{\"name\":\"IDKMC9B4YJGOWO935\",\"label\":\"IDKMC9B4YJGOWO935\",\"type\":1,\"active\":true,\"private\":false,\"protected\":false},{\"name\":\"IDKMCFLVSP1TKJN5\",\"label\":\"IDKMCFLVSP1TKJN5\",\"type\":1,\"active\":true,\"private\":false,\"protected\":false}],\"style\":{\"padding\":\"15px 10px 20px 10px\"}},{\"selectors\":[{\"name\":\"service-content\",\"label\":\"service-content\",\"type\":1,\"active\":true,\"private\":false,\"protected\":false},{\"name\":\"IDKMC9B53FFKCF238\",\"label\":\"IDKMC9B53FFKCF238\",\"type\":1,\"active\":true,\"private\":false,\"protected\":false},{\"name\":\"IDKMCANP5610VK612\",\"label\":\"IDKMCANP5610VK612\",\"type\":1,\"active\":true,\"private\":false,\"protected\":false},{\"name\":\"IDKMCFLVTC3A9JM7\",\"label\":\"IDKMCFLVTC3A9JM7\",\"type\":1,\"active\":true,\"private\":false,\"protected\":false}],\"style\":{\"padding\":\"15px 10px 20px 10px\"}},{\"selectors\":[{\"name\":\"ijk5w\",\"label\":\"ijk5w\",\"type\":2,\"active\":true,\"private\":false,\"protected\":false}],\"style\":{\"background-color\":\"#333\",\"padding\":\"12px 0\"}},{\"selectors\":[{\"name\":\"i2kk1a\",\"label\":\"i2kk1a\",\"type\":2,\"active\":true,\"private\":false,\"protected\":false}],\"style\":{\"object-fit\":\"cover\"}}],\"blocks\":{\"en\":{\"IDKMC8YCXV94TAF3\":{\"settings\":{\"attributes\":{\"style-identifier\":\"IDKMC92BLJKGXS20\"}},\"blocks\":[],\"html\":\"<div id=\\\"scrolldown\\\" class=\\\"fight-against-section home-fight mt-120 IDKMC8TJARUNC1Q10 IDKMC92BLJKGXS20\\\">\\n    <div class=\\\"container\\\">\\n        <div class=\\\"row justify-content-center\\\">\\n            <div class=\\\"col-xl-5 col-lg-6\\\">\\n                <div class=\\\"quote-wrapper\\\"><img src=\\\"\\/uploads\\/657e0108d17588554191d722086e3bcdc6baa08a\\/IMG_8033 2.JPG\\\" alt=\\\"img\\\" id=\\\"i2kk1a\\\" class=\\\"h-100\\\">\\n                    <div class=\\\"fight-quote pr-xl-0 pt-5 pl-5 pr-5 IDKMC8TJAZ06TCJ11 IDKMC92BLMYNVYQ1\\\">\\n                        <div class=\\\"fight-quote-wrap\\\"><i data-raw-content=\\\"true\\\" class=\\\"flaticon-left-quote\\\"><\\/i>\\n                            <h5 data-raw-content=\\\"true\\\" class=\\\"heading\\\"><br>Aproape de client.<br>Aproape de fiecare caz pe care \\u00eel reprezent\\u0103m.<br>&nbsp;<\\/h5>\\n                        <\\/div>\\n                    <\\/div>\\n                <\\/div>\\n            <\\/div>\\n            <div class=\\\"col-xl-6 col-lg-6 align-self-center mt-4 mt-lg-0\\\">\\n                <div class=\\\"pl-xl-4 fight-content\\\">\\n                    <h2 data-raw-content=\\\"true\\\" class=\\\"heading-span-color fight-heading\\\">Cabinet de avocatur\\u0103&nbsp;<br>\\u200b\\u200b\\u200b\\u200b\\u200b\\u200b<span>LODOAB\\u0102 GHEORGHE-SORIN<\\/span><\\/h2>\\n                    <p data-raw-content=\\\"true\\\" class=\\\"mt-25\\\">\\u00cen proximitatea Palatului de Justi\\u021bie din Cluj-Napoca, oferim servicii juridice personalizate, \\u00een toate domeniile dreptului, \\u00een Cluj sau \\u00een \\u021bar\\u0103.<br><br>Avocat \\u00een Baroul Cluj, Lodoab\\u0103 Gheorghe-Sorin a dob\\u00e2ndit expertiz\\u0103 \\u00een GDPR \\u0219i drept societar, activ\\u00e2nd totodat\\u0103 \\u0219i \\u00een materia dreptului civil, contraven\\u021bional \\u0219i penal.<br><br><br><\\/p>\\n                    <p data-raw-content=\\\"true\\\" class=\\\"mt-25\\\"><\\/p>\\n                <\\/div>\\n            <\\/div>\\n        <\\/div>\\n    <\\/div>\\n<\\/div>\",\"is_html\":true},\"IDKMC8YCY7RJY3W4\":{\"settings\":{\"attributes\":{\"style-identifier\":\"IDKMC92BLWFIX2F5\"}},\"blocks\":[],\"html\":\"<h1 data-raw-content=\\\"true\\\" class=\\\"IDKMC8X7B2LROSQ22 mb-10 IDKMC92BLWFIX2F5\\\"><span style=\\\"font-size:36px;\\\">Servicii oferite<\\/span><\\/h1>\",\"is_html\":true},\"IDKMC9HX2UME40A30\":{\"settings\":{\"attributes\":{\"style-identifier\":\"IDKMCANP4OHVYHN1\"}},\"blocks\":[],\"html\":\"<div class=\\\"service-item text-center IDKMC99ZW41Y13L21 IDKMCANP4OHVYHN1\\\">\\n    <div class=\\\"service-content IDKMC99ZW7TBU3F22 IDKMCANP4RNDKLC2\\\">\\n        <h4 data-raw-content=\\\"true\\\" class=\\\"title\\\">Drept civil<\\/h4>\\n        <p data-raw-content=\\\"true\\\"><span style=\\\"font-size:12.0pt\\\"><span style=\\\"line-height:107%\\\"><span style=\\\"font-family:&quot;Garamond&quot;,serif\\\">\\u25cf&nbsp;<\\/span><\\/span><\\/span>Oferim consultan\\u021b\\u0103 \\u00een toate materiile de drept civil<br><span style=\\\"font-size:12.0pt\\\"><span style=\\\"line-height:107%\\\"><span style=\\\"font-family:&quot;Garamond&quot;,serif\\\">\\u25cf&nbsp;<\\/span><\\/span><\\/span>Asistare \\u0219i reprezentare \\u00een fa\\u021ba tuturor instan\\u021belor din Rom\\u00e2nia<\\/p>\\n    <\\/div>\\n<\\/div>\",\"is_html\":true},\"IDKMC9HX2WY34G431\":{\"settings\":{\"attributes\":{\"style-identifier\":\"IDKMCANP4VAVFS34\"}},\"blocks\":[],\"html\":\"<div class=\\\"service-item text-center IDKMC9A2Q3Q82NC25 IDKMCANP4VAVFS34\\\">\\n    <div class=\\\"service-content IDKMC9A2Q6BWSIS26 IDKMCANP4WO33QL5\\\">\\n        <h4 data-raw-content=\\\"true\\\" class=\\\"title\\\">Drept penal<\\/h4>\\n        <p data-raw-content=\\\"true\\\"><span style=\\\"font-size:12.0pt\\\"><span style=\\\"line-height:107%\\\"><span style=\\\"font-family:&quot;Garamond&quot;,serif\\\">\\u25cf&nbsp;<\\/span><\\/span><\\/span>Asistare \\u0219i reprezentare \\u00een fa\\u021ba organelor de urm\\u0103rire penal\\u0103\\u200b\\u200b\\u200b\\u200b\\u200b\\u200b\\u200b<br><span style=\\\"font-size:12.0pt\\\"><span style=\\\"line-height:107%\\\"><span style=\\\"font-family:&quot;Garamond&quot;,serif\\\">\\u25cf&nbsp;<\\/span><\\/span><\\/span>Asistare \\u0219i reprezentare \\u00een fa\\u021ba instan\\u021belor de judecat\\u0103<\\/p>\\n    <\\/div>\\n<\\/div>\",\"is_html\":true},\"IDKMC9HX2YM5HP332\":{\"settings\":{\"attributes\":{\"style-identifier\":\"IDKMCANP4L6M4540\"}},\"blocks\":[],\"html\":\"<div class=\\\"row IDKMC9AR6YAH7Y533 IDKMCANP4L6M4540\\\">\\n    <div phpb-blocks-container=\\\"\\\" class=\\\"col-lg-6 align-self-center\\\">[block slug=\\\"servicii\\\" id=\\\"IDKMC9HX2UME40A30\\\"]<\\/div>\\n    <div phpb-blocks-container=\\\"\\\" class=\\\"col-lg-6 align-self-center\\\">[block slug=\\\"servicii\\\" id=\\\"IDKMC9HX2WY34G431\\\"]<\\/div>\\n<\\/div>\",\"is_html\":true},\"IDKMC9HX31F4V2G33\":{\"settings\":{\"attributes\":{\"style-identifier\":\"IDKMCANP50UUS3C8\"}},\"blocks\":[],\"html\":\"<div class=\\\"service-item text-center IDKMC9B5033TX5K36 IDKMCANP50UUS3C8\\\">\\n    <div class=\\\"service-content IDKMC9B4YJGOWO935 IDKMCANP51LOHM79\\\">\\n        <h4 data-raw-content=\\\"true\\\" class=\\\"title\\\">GDPR<\\/h4>\\n        <p data-raw-content=\\\"true\\\"><span style=\\\"font-size:12.0pt\\\"><span style=\\\"line-height:107%\\\"><span style=\\\"font-family:&quot;Garamond&quot;,serif\\\">\\u25cf&nbsp;<\\/span><\\/span><\\/span>Auditare \\u0219i implementare&nbsp;<br><span style=\\\"font-size:12.0pt\\\"><span style=\\\"line-height:107%\\\"><span style=\\\"font-family:&quot;Garamond&quot;,serif\\\">\\u25cf&nbsp;<\\/span><\\/span><\\/span>Redactare \\u0219i modificare acte \\u0219i registre specifice&nbsp;<br><span style=\\\"font-size:12.0pt\\\"><span style=\\\"line-height:107%\\\"><span style=\\\"font-family:&quot;Garamond&quot;,serif\\\">\\u25cf&nbsp;<\\/span><\\/span><\\/span>Consultan\\u021b\\u0103 post-implementare<br><span style=\\\"font-size:12.0pt\\\"><span style=\\\"line-height:107%\\\"><span style=\\\"font-family:&quot;Garamond&quot;,serif\\\">\\u25cf&nbsp;<\\/span><\\/span><\\/span>Asistare \\u0219i reprezentare \\u00een fa\\u021ba ANPDCP sau a instan\\u021belor de judecat\\u0103<br><\\/p>\\n    <\\/div>\\n<\\/div>\",\"is_html\":true},\"IDKMC9HX33QK07A34\":{\"settings\":{\"attributes\":{\"style-identifier\":\"IDKMCFL1MTOWYK11\"}},\"blocks\":[],\"html\":\"<div class=\\\"service-item text-center IDKMC9B5509SXDM39 IDKMCANP54CGLZJ11 IDKMCFL1MTOWYK11\\\">\\n    <div class=\\\"service-content IDKMC9B53FFKCF238 IDKMCANP5610VK612 IDKMCFL1MU0J8TG2\\\">\\n        <h4 data-raw-content=\\\"true\\\" class=\\\"title\\\">Drept comercial \\u0219i societar<\\/h4>\\n        <p data-raw-content=\\\"true\\\"><span style=\\\"font-size:12.0pt\\\"><span style=\\\"line-height:107%\\\"><span style=\\\"font-family:&quot;Garamond&quot;,serif\\\">\\u25cf&nbsp;<\\/span><\\/span><\\/span>Asisten\\u021b\\u0103 \\u0219i consultan\\u021b\\u0103 \\u00een domeniul dreptului afacerilor<br><span style=\\\"font-size:12.0pt\\\"><span style=\\\"line-height:107%\\\"><span style=\\\"font-family:&quot;Garamond&quot;,serif\\\">\\u25cf <\\/span><\\/span><\\/span>Negociere, mediere \\u0219i conciliere<br><span style=\\\"font-size:12.0pt\\\"><span style=\\\"line-height:107%\\\"><span style=\\\"font-family:&quot;Garamond&quot;,serif\\\">\\u25cf&nbsp;<\\/span><\\/span><\\/span>Procedura reorganiz\\u0103rii \\u0219i a insolven\\u021bei<br><span style=\\\"font-size:12.0pt\\\"><span style=\\\"line-height:107%\\\"><span style=\\\"font-family:&quot;Garamond&quot;,serif\\\">\\u25cf&nbsp;<\\/span><\\/span><\\/span>Proprietate intelectual\\u0103<\\/p>\\n    <\\/div>\\n<\\/div>\",\"is_html\":true},\"IDKMC9HX34EK8I835\":{\"settings\":{\"attributes\":{\"style-identifier\":\"IDKMCANP4YXSM057\"}},\"blocks\":[],\"html\":\"<div class=\\\"row IDKMC9B56IOT64940 IDKMCANP4YXSM057\\\">\\n    <div phpb-blocks-container=\\\"\\\" class=\\\"col-lg-6 align-self-center\\\">[block slug=\\\"servicii\\\" id=\\\"IDKMC9HX31F4V2G33\\\"]<\\/div>\\n    <div phpb-blocks-container=\\\"\\\" class=\\\"col-lg-6 align-self-center\\\">[block slug=\\\"servicii\\\" id=\\\"IDKMC9HX33QK07A34\\\"]<\\/div>\\n<\\/div>\",\"is_html\":true},\"IDKMCFO8OAXCRYE4\":{\"settings\":{\"attributes\":{\"style-identifier\":\"IDKMCFLVT0NUZ2L6\"}},\"blocks\":[],\"html\":\"<div class=\\\"service-item text-center IDKMC9B5033TX5K36 IDKMCFLVT0NUZ2L6\\\">\\n    <div class=\\\"service-content IDKMC9B4YJGOWO935 IDKMCFLVSP1TKJN5\\\">\\n        <h4 data-raw-content=\\\"true\\\" class=\\\"title\\\">Drept administrativ \\u0219i fiscal<\\/h4>\\n        <p data-raw-content=\\\"true\\\"><span style=\\\"font-size:12.0pt\\\"><span style=\\\"line-height:107%\\\"><span style=\\\"font-family:&quot;Garamond&quot;,serif\\\">\\u25cf <\\/span><\\/span><\\/span>Formulare pl\\u00e2ngere prealabil\\u0103 \\u0219i anulare acte administrative<br><span style=\\\"font-size:12.0pt\\\"><span style=\\\"line-height:107%\\\"><span style=\\\"font-family:&quot;Garamond&quot;,serif\\\">\\u25cf&nbsp;<\\/span><\\/span><\\/span>Consultan\\u021b\\u0103 de specialitate \\u00een domeniul taxelor \\u0219i impozitelor<span style=\\\"font-size:12.0pt\\\"><span style=\\\"line-height:107%\\\"><span style=\\\"font-family:&quot;Garamond&quot;,serif\\\"><br>\\u25cf&nbsp;<\\/span><\\/span><\\/span>Asistare \\u0219i reprezentare \\u00een fa\\u021ba organelor de control fiscal<br><\\/p>\\n    <\\/div>\\n<\\/div>\",\"is_html\":true},\"IDKMCFO8OCASM635\":{\"settings\":{\"attributes\":{\"style-identifier\":\"IDKMCFLVTLX7TLF8\"}},\"blocks\":[],\"html\":\"<div class=\\\"service-item text-center IDKMC9B5509SXDM39 IDKMCANP54CGLZJ11 IDKMCFLVTLX7TLF8\\\">\\n    <div class=\\\"service-content IDKMC9B53FFKCF238 IDKMCANP5610VK612 IDKMCFLVTC3A9JM7\\\">\\n        <h4 data-raw-content=\\\"true\\\" class=\\\"title\\\">Consultan\\u021b\\u0103 general\\u0103<\\/h4>\\n        <p data-raw-content=\\\"true\\\"><span style=\\\"font-size:12.0pt\\\"><span style=\\\"line-height:107%\\\"><span style=\\\"font-family:&quot;Garamond&quot;,serif\\\">\\u25cf&nbsp;<\\/span><\\/span><\\/span>Redactare, negociere \\u0219i verificare contracte<br><span style=\\\"font-size:12.0pt\\\"><span style=\\\"line-height:107%\\\"><span style=\\\"font-family:&quot;Garamond&quot;,serif\\\">\\u25cf&nbsp;<\\/span><\\/span><\\/span>\\u00centocmire acte necesare \\u00eenfiin\\u021b\\u0103rii unei societ\\u0103\\u021bi<br><span style=\\\"font-size:12.0pt\\\"><span style=\\\"line-height:107%\\\"><span style=\\\"font-family:&quot;Garamond&quot;,serif\\\">\\u25cf&nbsp;<\\/span><\\/span><\\/span>\\u200b\\u200b\\u200b\\u200b\\u200b\\u200b\\u200bRapoarte due dilligence<br><span style=\\\"font-size:12.0pt\\\"><span style=\\\"line-height:107%\\\"><span style=\\\"font-family:&quot;Garamond&quot;,serif\\\">\\u25cf&nbsp;<\\/span><\\/span><\\/span>Auditare juridic\\u0103<\\/p>\\n    <\\/div>\\n<\\/div>\",\"is_html\":true},\"IDKMCFO8OFS7YTC6\":{\"settings\":{\"attributes\":{\"style-identifier\":\"IDKMCFLVTY4WJPO9\"}},\"blocks\":[],\"html\":\"<div class=\\\"row IDKMC9B56IOT64940 IDKMCFLVTY4WJPO9\\\">\\n    <div phpb-blocks-container=\\\"\\\" class=\\\"col-lg-6 align-self-center\\\">[block slug=\\\"servicii\\\" id=\\\"IDKMCFO8OAXCRYE4\\\"]<\\/div>\\n    <div phpb-blocks-container=\\\"\\\" class=\\\"col-lg-6 align-self-center\\\">[block slug=\\\"servicii\\\" id=\\\"IDKMCFO8OCASM635\\\"]<\\/div>\\n<\\/div>\",\"is_html\":true},\"IDKMC93FOPZ48RM0\":{\"settings\":{\"attributes\":{\"style-identifier\":\"IDKMCFL1MWKU8R74\"}},\"blocks\":[],\"html\":\"<img src=\\\"\\/uploads\\/8cf5c7a9704b8a83e2f693525dfd3a6d6e20b8a8\\/istockphoto-1158703224-612x612.jpg\\\" class=\\\"img-fluid w-100 IDKMC93AH0OEV1P14 IDKMC93G6UU4W9K15 IDKMCANP59OK27115 IDKMCFL1MWKU8R74\\\">\",\"is_html\":true},\"IDKMC9HX39KBJ6R36\":{\"settings\":{\"attributes\":{\"style-identifier\":\"IDKMCFL1MW6D5FV3\"}},\"blocks\":[],\"html\":\"<div phpb-blocks-container=\\\"\\\" class=\\\"IDKMC92GP0DDBWQ12 hatur-img IDKMCANP58FWXWC14 IDKMCFL1MW6D5FV3\\\">[block slug=\\\"04 - imagine\\\" id=\\\"IDKMC93FOPZ48RM0\\\"]<\\/div>\",\"is_html\":true},\"IDKMC8YCYIXSDA37\":{\"settings\":{\"attributes\":{\"style-identifier\":\"IDKMC92BLT0QN8D4\"}},\"blocks\":[],\"html\":\"<div class=\\\"row IDKMC8UM33UVHKY17 IDKMC92BLT0QN8D4\\\">\\n    <div phpb-blocks-container=\\\"\\\" class=\\\"col-lg-12 offset-xl-1 col-xl-7\\\">[block slug=\\\"00 - titlu - h1\\\" id=\\\"IDKMC8YCY7RJY3W4\\\"][block slug=\\\"11 - 2 col\\\" id=\\\"IDKMC9HX2YM5HP332\\\"][block slug=\\\"11 - 2 col\\\" id=\\\"IDKMC9HX34EK8I835\\\"][block slug=\\\"11 - 2 col\\\" id=\\\"IDKMCFO8OFS7YTC6\\\"]<\\/div>\\n    <div phpb-blocks-container=\\\"\\\" class=\\\"col-lg-12 col-xl-4 pr-xl-0\\\">[block slug=\\\"17 - div\\\" id=\\\"IDKMC9HX39KBJ6R36\\\"]<\\/div>\\n<\\/div>\",\"is_html\":true},\"IDKMC8YCYKWXUEP8\":{\"settings\":{\"attributes\":{\"style-identifier\":\"IDKMC92BLR6GWE73\"}},\"blocks\":[],\"html\":\"<div phpb-blocks-container=\\\"\\\" class=\\\"pt-50 IDKMC8U7O6HE76F15 IDKMC92BLR6GWE73 bg-right pb-50\\\">[block slug=\\\"15 - 60 40\\\" id=\\\"IDKMC8YCYIXSDA37\\\"]<\\/div>\",\"is_html\":true},\"IDKMC8YCYMZ9XL99\":{\"settings\":{\"attributes\":{\"style-identifier\":\"IDKMC92BLQ7W9OS2\"}},\"blocks\":[],\"html\":\"<div phpb-blocks-container=\\\"\\\" class=\\\"container IDKMC8U2SOL7W6Y13 IDKMC92BLQ7W9OS2 bg-1\\\">[block slug=\\\"17 - div\\\" id=\\\"IDKMC8YCYKWXUEP8\\\"]<\\/div>\",\"is_html\":true},\"IDKPWIVWDM0AGKI0\":{\"settings\":{\"attributes\":{\"nume\":\"1\",\"prenume\":\"1\",\"email\":\"1\",\"telefon\":\"1\",\"judet\":\"1\",\"cui\":\"1\",\"companie\":\"1\",\"credit_types\":\"\",\"style-identifier\":\"IDKPWIVSEYIJ2LZ1\"}},\"blocks\":[],\"html\":\"\",\"is_html\":false},\"IDKMC8YCYNUU1DB10\":{\"settings\":{\"attributes\":{\"style-identifier\":\"IDKMC8TEATH9KWE8\"}},\"blocks\":[],\"html\":\"<div phpb-blocks-container=\\\"\\\" class=\\\"IDKMC8TEATH9KWE8 mt-10 mb-10 mt-5\\\">[block slug=\\\"101 - container-boxed\\\" id=\\\"IDKMC8YCYMZ9XL99\\\"][block slug=\\\"leads-form\\\" id=\\\"IDKPWIVWDM0AGKI0\\\"]<\\/div>\",\"is_html\":true},\"IDKMCASL28HAUHJ4\":{\"settings\":{\"attributes\":{\"style-identifier\":\"IDKMCFL1MG40C7W0\"}},\"blocks\":[],\"html\":\"<div phpb-blocks-container=\\\"\\\" class=\\\"container-fluid IDKMCAO4KIKMFOT17 IDKMCFL1MG40C7W0\\\">[block slug=\\\"17 - div\\\" id=\\\"IDKMC8YCYNUU1DB10\\\"]<\\/div>\",\"is_html\":true}}}}','2021-03-15 15:26:38','2021-03-15 15:26:38',NULL),(2,'About','master','{\"html\":[\"[block slug=\\\"leads-form\\\" id=\\\"IDKPWIVIDN5NQ1J0\\\"][block slug=\\\"about\\\" id=\\\"IDKPWHWO1PL6L460\\\"]\"],\"components\":[[{\"tagName\":\"phpb-block\",\"content\":\"\",\"attributes\":{\"slug\":\"leads-form\",\"id\":\"IDKPWIVIDN5NQ1J0\"}},{\"tagName\":\"phpb-block\",\"content\":\"\",\"attributes\":{\"slug\":\"about\",\"id\":\"IDKPWHWO1PL6L460\"}}]],\"css\":\"* { box-sizing: border-box; } body {margin: 0;}.member-details-wrap.bg-right.bg-1.IDKMCFX5GEAEK902{margin:0 0 0 0;padding:40px 40px 40px 40px;}.member-details-wrap.bg-right.bg-1.IDKPWHVA8WQQYJ72{padding:20px 0 40px 80px;}#iw3sx{background-color:#333;padding:12px 0;}\",\"style\":[{\"selectors\":[{\"name\":\"member-details-wrap\",\"label\":\"member-details-wrap\",\"type\":1,\"active\":true,\"private\":false,\"protected\":false},{\"name\":\"bg-right\",\"label\":\"bg-right\",\"type\":1,\"active\":true,\"private\":false,\"protected\":false},{\"name\":\"bg-1\",\"label\":\"bg-1\",\"type\":1,\"active\":true,\"private\":false,\"protected\":false},{\"name\":\"IDKMCFX5GEAEK902\",\"label\":\"IDKMCFX5GEAEK902\",\"type\":1,\"active\":true,\"private\":false,\"protected\":false}],\"style\":{\"margin\":\"0 0 0 0\",\"padding\":\"40px 40px 40px 40px\"}},{\"selectors\":[{\"name\":\"member-details-wrap\",\"label\":\"member-details-wrap\",\"type\":1,\"active\":true,\"private\":false,\"protected\":false},{\"name\":\"bg-right\",\"label\":\"bg-right\",\"type\":1,\"active\":true,\"private\":false,\"protected\":false},{\"name\":\"bg-1\",\"label\":\"bg-1\",\"type\":1,\"active\":true,\"private\":false,\"protected\":false},{\"name\":\"IDKPWHVA8WQQYJ72\",\"label\":\"IDKPWHVA8WQQYJ72\",\"type\":1,\"active\":true,\"private\":false,\"protected\":false}],\"style\":{\"padding\":\"20px 0 40px 80px\"}},{\"selectors\":[{\"name\":\"iw3sx\",\"label\":\"iw3sx\",\"type\":2,\"active\":true,\"private\":false,\"protected\":false}],\"style\":{\"background-color\":\"#333\",\"padding\":\"12px 0\"}}],\"blocks\":{\"en\":{\"IDKPWIVIDN5NQ1J0\":{\"settings\":{\"attributes\":{\"nume\":\"1\",\"prenume\":\"1\",\"email\":\"1\",\"telefon\":\"1\",\"judet\":\"1\",\"cui\":\"1\",\"companie\":\"1\",\"credit_types\":\"\",\"style-identifier\":\"IDKPWIVGVRU8HNJ1\"}},\"blocks\":[],\"html\":\"\",\"is_html\":false},\"IDKPWHWO1PL6L460\":{\"settings\":{\"attributes\":{\"style-identifier\":\"IDKPWHVA8T1EZIC1\"}},\"blocks\":[],\"html\":\"<div class=\\\"IDKPWHVA8T1EZIC1 mb-5\\\">\\n    <div class=\\\"member-details\\\">\\n        <div class=\\\"container\\\">\\n            <div class=\\\"member-details-wrap bg-right bg-1 IDKPWHVA8WQQYJ72\\\">\\n                <div class=\\\"row\\\">\\n                    <div class=\\\"col-lg-5 col-md-12 offset-lg-1 d-flex align-items-center\\\">\\n                        <div><img src=\\\"\\/uploads\\/d9f93d1cd82aaea4d49e79baabbf23019f974ea3\\/IMG_8045.JPG\\\" alt=\\\"\\\"><\\/div>\\n                    <\\/div>\\n                    <div class=\\\"col-lg-5 col-md-12 offset-lg-1\\\">\\n                        <div class=\\\"contact-info-area member-info-inner mt-5\\\">\\n                            <h2 data-raw-content=\\\"true\\\" class=\\\"title\\\"><br>\\u200b\\u200b\\u200b\\u200b\\u200bLODOAB\\u0102 Gheorghe-Sorin<\\/h2>\\n                            <h4 data-raw-content=\\\"true\\\" class=\\\"sub-title\\\">Avocat<\\/h4>\\n                            <div class=\\\"contact-item\\\">\\n                                <h5 data-raw-content=\\\"true\\\" class=\\\"title\\\">Domenii de expertiz\\u0103<\\/h5>\\n                                <p data-raw-content=\\\"true\\\" class=\\\"para\\\">\\u25cf&nbsp;GDPR <br>\\u25cf&nbsp;Drept Civil <br>\\u25cf&nbsp;Drept Penal <br>\\u25cf&nbsp;\\u200b\\u200b\\u200b\\u200b\\u200b\\u200b\\u200bDrept Contraven\\u021bional<br>&nbsp;Drept Societar \\u0219i Comercial <br>\\u200b\\u200b\\u200b\\u200b\\u200b\\u200b\\u200b\\u25cf&nbsp;Drept Administrativ \\u0219i Fiscal<\\/p>\\n                            <\\/div>\\n                            <div class=\\\"contact-item\\\">\\n                                <h5 data-raw-content=\\\"true\\\" class=\\\"title\\\">Adres\\u0103<\\/h5>\\n                                <p data-raw-content=\\\"true\\\" class=\\\"para\\\">Calea Doroban\\u021bilor, nr. 6, ap. 3, Cluj-Napoca, Cluj, Romania<\\/p>\\n                            <\\/div>\\n                            <div class=\\\"contact-item\\\">\\n                                <h5 data-raw-content=\\\"true\\\" class=\\\"title\\\">Telefon<\\/h5>\\n                                <p data-raw-content=\\\"true\\\" class=\\\"para\\\">+40 733 652 877<\\/p>\\n                            <\\/div>\\n                            <div class=\\\"contact-item\\\">\\n                                <h5 data-raw-content=\\\"true\\\" class=\\\"title\\\">Email<\\/h5>\\n                                <p data-raw-content=\\\"true\\\" class=\\\"para\\\">contact@lodoabasorin.ro<br>\\u200b\\u200b\\u200b\\u200b\\u200b\\u200b\\u200b<br><\\/p>\\n                            <\\/div>\\n                        <\\/div>\\n                    <\\/div>\\n                <\\/div>\\n            <\\/div>\\n        <\\/div>\\n    <\\/div><!-- member details end -->\\n    <!-- experience start -->\\n    <div class=\\\"experience-section mt-120\\\">\\n        <div class=\\\"container\\\">\\n            <div class=\\\"challenge-area\\\">\\n                <div class=\\\"row align-items-center\\\">\\n                    <div class=\\\"col-xl-5 col-lg-6 col-md-12 offset-xl-1\\\">\\n                        <div class=\\\"challenge-content\\\">\\n                            <h2 data-raw-content=\\\"true\\\" class=\\\"fight-heading\\\">Experien\\u021b\\u0103 profesional\\u0103<\\/h2>\\n                            <p data-raw-content=\\\"true\\\" class=\\\"mt-35\\\">Am absolvit Facultatea de Drept din cadrul Universit\\u0103\\u021bii Babe\\u0219<span style=\\\"font-size:12.0pt\\\"><span style=\\\"line-height:107%\\\"><span style=\\\"font-family:&quot;Times New Roman&quot;,serif\\\">\\u2011<\\/span><\\/span><\\/span>Bolyai din Cluj-Napoca <span style=\\\"font-size:11.0pt\\\"><span style=\\\"line-height:115%\\\"><span style=\\\"font-family:&quot;Bookman Old Style&quot;,serif\\\">\\u2013 <\\/span><\\/span><\\/span>promo\\u021bia 2013 \\u0219i programul de masterat <span style=\\\"font-size:11pt\\\"><span style=\\\"line-height:115%\\\"><span style=\\\"font-family:&quot;Bookman Old Style&quot;,serif\\\">\\u201e<\\/span><\\/span><\\/span>Institu\\u021bii de drept privat<span style=\\\"font-size:11pt\\\"><span style=\\\"line-height:115%\\\"><span style=\\\"font-family:&quot;Bookman Old Style&quot;,serif\\\">\\u201d<\\/span><\\/span><\\/span> din cadrul aceleia\\u0219i Universit\\u0103\\u021bi \\u0219i am devenit membru al Baroului Cluj \\u00een anul 2019.<br><br>Am colaborat \\u00een decursul a 5 ani cu institu\\u021bii publice, diferite societ\\u0103\\u021bi \\u0219i cabinete de avocatur\\u0103. De asemenea, am participat la diverse conferin\\u021be \\u0219i cursuri de formare. \\u00cen anul 2021 am dob\\u00e2ndit acreditarea de <strong>Data Protection Officer<\\/strong>.<\\/p>\\n                            <p data-raw-content=\\\"true\\\" class=\\\"mt-25\\\">\\u00cen urma experien\\u021bei profesionale dob\\u00e2ndite anterior, mi-am consolidat expertiza \\u00een domeniul juridic \\u0219i am luat decizia de a \\u00eemi \\u00eenfiin\\u021ba propriul cabinet de avocatur\\u0103.<\\/p>\\n                        <\\/div>\\n                    <\\/div>\\n                    <div class=\\\"col-xl-5 col-lg-6 col-md-12 offset-xl-1\\\">\\n                        <div class=\\\"chanllenge-img experience-img\\\"><img src=\\\"\\/uploads\\/7c027aa776811e631d1d6380d29c9c8ce940a23e\\/HOA-Attorneys-\\u2013-Why-They-Are-Important-And-How-To-Find-One.jpg\\\" alt=\\\"\\\"><\\/div>\\n                    <\\/div>\\n                <\\/div>\\n            <\\/div>\\n        <\\/div>\\n    <\\/div><!-- experience end -->\\n<\\/div>\",\"is_html\":true}}}}','2021-03-16 19:55:26','2021-03-16 19:55:26',NULL),(3,'Procedure','master','{\"html\":[\"[block slug=\\\"procedure\\\" id=\\\"IDKMCJGXDJWWA752\\\"][block slug=\\\"leads-form\\\" id=\\\"IDKPWIVDUO3BPPT0\\\"]\"],\"components\":[[{\"tagName\":\"phpb-block\",\"content\":\"\",\"attributes\":{\"slug\":\"procedure\",\"id\":\"IDKMCJGXDJWWA752\"}},{\"tagName\":\"phpb-block\",\"content\":\"\",\"attributes\":{\"slug\":\"leads-form\",\"id\":\"IDKPWIVDUO3BPPT0\"}}]],\"css\":\"* { box-sizing: border-box; } body {margin: 0;}.IDKMCGWI9JGG0TQ1{text-align:justify;padding:0 0 0 0;}.challenge-wrappper.bg-left-half.bg-1.IDKMCGWIA60R2732{padding:20px 0 60px 0;}.challenge-wrappper.bg-right-half.bg-1.IDKMCGWIB3C2A263{padding:20px 0 60px 0;}#inxie{background-color:#333;padding:12px 0;}\",\"style\":[{\"selectors\":[{\"name\":\"IDKMCGWI9JGG0TQ1\",\"label\":\"IDKMCGWI9JGG0TQ1\",\"type\":1,\"active\":true,\"private\":false,\"protected\":false}],\"style\":{\"text-align\":\"justify\",\"padding\":\"0 0 0 0\"}},{\"selectors\":[{\"name\":\"challenge-wrappper\",\"label\":\"challenge-wrappper\",\"type\":1,\"active\":true,\"private\":false,\"protected\":false},{\"name\":\"bg-left-half\",\"label\":\"bg-left-half\",\"type\":1,\"active\":true,\"private\":false,\"protected\":false},{\"name\":\"bg-1\",\"label\":\"bg-1\",\"type\":1,\"active\":true,\"private\":false,\"protected\":false},{\"name\":\"IDKMCGWIA60R2732\",\"label\":\"IDKMCGWIA60R2732\",\"type\":1,\"active\":true,\"private\":false,\"protected\":false}],\"style\":{\"padding\":\"20px 0 60px 0\"}},{\"selectors\":[{\"name\":\"challenge-wrappper\",\"label\":\"challenge-wrappper\",\"type\":1,\"active\":true,\"private\":false,\"protected\":false},{\"name\":\"bg-right-half\",\"label\":\"bg-right-half\",\"type\":1,\"active\":true,\"private\":false,\"protected\":false},{\"name\":\"bg-1\",\"label\":\"bg-1\",\"type\":1,\"active\":true,\"private\":false,\"protected\":false},{\"name\":\"IDKMCGWIB3C2A263\",\"label\":\"IDKMCGWIB3C2A263\",\"type\":1,\"active\":true,\"private\":false,\"protected\":false}],\"style\":{\"padding\":\"20px 0 60px 0\"}},{\"selectors\":[{\"name\":\"inxie\",\"label\":\"inxie\",\"type\":2,\"active\":true,\"private\":false,\"protected\":false}],\"style\":{\"background-color\":\"#333\",\"padding\":\"12px 0\"}}],\"blocks\":{\"en\":{\"IDKMCJGXDJWWA752\":{\"settings\":{\"attributes\":{\"style-identifier\":\"IDKMCGWI9JGG0TQ1\"}},\"blocks\":[],\"html\":\"<div class=\\\"IDKMCGWI9JGG0TQ1\\\">\\n    <div class=\\\"about-case csd-about mt-120\\\">\\n        <div class=\\\"container\\\">\\n            <div class=\\\"row align-items-center\\\">\\n                <div class=\\\"col-xl-6 col-lg-5 col-md-12\\\">\\n                    <div class=\\\"about-case-img\\\">\\n                        <div class=\\\"caseimg-wrap\\\"><img src=\\\"\\/uploads\\/2299e940c4f97073136be47869550a796eb93d54\\/IMG_8035.JPG\\\" alt=\\\"\\\"><\\/div>\\n                    <\\/div>\\n                <\\/div>\\n                <div class=\\\"col-xl-5 col-lg-7 col-md-12 offset-xl-1\\\">\\n                    <div class=\\\"service-tab-content\\\">\\n                        <h2 data-raw-content=\\\"true\\\" class=\\\"fight-heading\\\">Procedura de lucru<\\/h2>\\n                        <p data-raw-content=\\\"true\\\" class=\\\"mt-25 mb-4\\\">Fiecare caz preluat trece printr-o procedur\\u0103 de lucru rodat\\u0103 \\u0219i validat\\u0103 prin intermediul c\\u0103reia ne asigur\\u0103m c\\u0103 rezultatele ob\\u021binute sunt maximizate.<\\/p>\\n                        <div class=\\\"vua-list\\\">\\n                            <h4 data-raw-content=\\\"true\\\" class=\\\"title\\\"><\\/h4>\\n                            <p data-raw-content=\\\"true\\\" class=\\\"para\\\"><br><\\/p>\\n                        <\\/div>\\n                        <div class=\\\"vua-list\\\">\\n                            <h4 data-raw-content=\\\"true\\\" class=\\\"title\\\"><\\/h4>\\n                            <p data-raw-content=\\\"true\\\" class=\\\"para\\\"><br><span style=\\\"font-size:22px;\\\"><strong>1. Comunic\\u0103m<\\/strong><\\/span><br>\\u00cempreun\\u0103 cu clientul se detaliaz\\u0103 spe\\u021ba, se str\\u00e2ng informa\\u021biile necesare \\u0219i se evalueaz\\u0103 complexitatea acesteia.<span style=\\\"font-size:22px;\\\"><strong><br><br>2. Analiz\\u0103m<\\/strong><\\/span><br>Pe baza informa\\u021biilor comunicate de c\\u0103tre client se \\u00eentocme\\u0219te un raport \\u0219i descrierea posibilelor modalit\\u0103\\u021bi de a aborda situa\\u021bia.&nbsp;<br><br><span style=\\\"font-size:22px;\\\"><strong>3. Ofert\\u0103m<\\/strong><\\/span><br>Onorariile pentru serviciile oferite sunt stabilite \\u00een func\\u021bie de natura \\u0219i complexitatea cazului.&nbsp;<br><br>\\u200b\\u200b\\u200b\\u200b\\u200b\\u200b\\u200b<span style=\\\"font-size:22px;\\\"><strong>4. Contract\\u0103m \\u0219i demar\\u0103m procedurile<\\/strong><\\/span><br>Odat\\u0103 acceptat\\u0103 oferta, semn\\u0103m un contract de asisten\\u021b\\u0103 juridic\\u0103 \\u0219i apoi demar\\u0103m procedurile de asistare \\u0219i reprezentare.\\u200b\\u200b\\u200b\\u200b\\u200b\\u200b<br><\\/p>\\n                        <\\/div>\\n                        <div class=\\\"vua-list\\\">\\n                            <h4 data-raw-content=\\\"true\\\" class=\\\"title\\\"><\\/h4>\\n                            <p data-raw-content=\\\"true\\\" class=\\\"para\\\"><\\/p>\\n                        <\\/div>\\n                        <p data-raw-content=\\\"true\\\" class=\\\"mt-25\\\"><br><\\/p>\\n                    <\\/div>\\n                <\\/div>\\n            <\\/div>\\n        <\\/div>\\n    <\\/div>\\n    <div class=\\\"challenge-section csd-challenge mt-120\\\">\\n        <div class=\\\"container\\\">\\n            <div class=\\\"challenge-wrappper bg-left-half bg-1 IDKMCGWIA60R2732\\\">\\n                <div class=\\\"challenge-area\\\">\\n                    <div class=\\\"row align-items-center\\\">\\n                        <div class=\\\"col-xl-5 col-lg-7 col-md-12 offset-xl-1\\\">\\n                            <div class=\\\"challenge-content\\\">\\n                                <h2 data-raw-content=\\\"true\\\" class=\\\"fight-heading\\\">Cum comunic\\u0103m?<\\/h2>\\n                                <p data-raw-content=\\\"true\\\" class=\\\"mt-30\\\">Primul pas \\u00eencepe chiar <a data-cke-saved-href=\\\"\\/contact\\\" href=\\\"\\/contact\\\"><strong>aici<\\/strong><\\/a>, pe site.<br><br>Pentru a r\\u0103spunde mai bine nevoilor dumneavoastr\\u0103, v\\u0103 punem la dispozi\\u021bie diferite <a data-cke-saved-href=\\\"\\/contact\\\" href=\\\"\\/contact\\\"><strong>op\\u021biuni de contact<\\/strong><\\/a> personalizate prin intermediul c\\u0103rora ne pute\\u021bi comunica situa\\u021bia juridic\\u0103 \\u00een care v\\u0103 afla\\u021bi.&nbsp;<br><br>Consultan\\u021ba juridic\\u0103 \\u0219i \\u00eent\\u00e2lnirea pot avea loc at\\u00e2t fizic, la sediul cabinetului, c\\u00e2t \\u0219i online, prin intermediul diverselor platforme de conferin\\u021b\\u0103, \\u00een urma unei program\\u0103ri prealabile.<\\/p>\\n                                <p data-raw-content=\\\"true\\\" class=\\\"mt-25\\\"><br><\\/p>\\n                                <div class=\\\"fight-list challenge-list mt-15\\\">\\n                                    <ul data-raw-content=\\\"true\\\" class=\\\"fight-list-1\\\"><\\/ul>\\n                                    <ul data-raw-content=\\\"true\\\" class=\\\"fight-list-2\\\"><\\/ul>\\n                                <\\/div>\\n                            <\\/div>\\n                        <\\/div>\\n                        <div class=\\\"col-xl-6 col-lg-5 col-md-12\\\">\\n                            <div class=\\\"chanllenge-img-right\\\"><img src=\\\"\\/uploads\\/8cf5c7a9704b8a83e2f693525dfd3a6d6e20b8a8\\/istockphoto-1158703224-612x612.jpg\\\" alt=\\\"\\\"><\\/div>\\n                        <\\/div>\\n                    <\\/div>\\n                <\\/div>\\n            <\\/div>\\n        <\\/div>\\n    <\\/div>\\n    <div class=\\\"process-section mt-120\\\">\\n        <div class=\\\"container\\\">\\n            <div class=\\\"row\\\">\\n                <div class=\\\"col-xl-5 col-lg-7 col-md-12 offset-xl-1\\\">\\n                    <div class=\\\"process-content\\\">\\n                        <h2 data-raw-content=\\\"true\\\" class=\\\"fight-heading\\\">Analiza<\\/h2>\\n                        <div class=\\\"process-info\\\">\\n                            <div class=\\\"process-item\\\">\\n                                <h4 data-raw-content=\\\"true\\\" class=\\\"title\\\">1. Analiz\\u0103m cele transmise<\\/h4>\\n                                <p data-raw-content=\\\"true\\\" class=\\\"para\\\">Pe baza informa\\u021biilor comunicate stabilim cadrul legal aplicabil \\u0219i problemele juridice care necesit\\u0103 rezolvare, stabilind totodat\\u0103 care sunt posibilele solu\\u021bii.<\\/p>\\n                            <\\/div>\\n                            <div class=\\\"process-item\\\">\\n                                <h4 data-raw-content=\\\"true\\\" class=\\\"title\\\">2. \\u00centocmim un raport<\\/h4>\\n                                <p data-raw-content=\\\"true\\\" class=\\\"para\\\">\\u00centreaga activitate de consultan\\u021b\\u0103 va fi cuprins\\u0103 \\u00eentr-un raport personalizat, clar \\u0219i transparent care va constitui punctul de plecare al viitoarei colabor\\u0103ri.&nbsp;<\\/p>\\n                            <\\/div>\\n                            <div class=\\\"process-item\\\">\\n                                <h4 data-raw-content=\\\"true\\\" class=\\\"title\\\">3. Stabilim o \\u00eentalnire<\\/h4>\\n                                <p data-raw-content=\\\"true\\\" class=\\\"para\\\">\\u00cen cadrul \\u00eent\\u00e2lnirii vom analiza raportul \\u00eentocmit, poten\\u021bialele demersuri \\u0219i riscurile asociate acestora cu scopul alegerii solu\\u021biei optime.<\\/p>\\n                            <\\/div>\\n                            <div class=\\\"process-item\\\">\\n                                <h4 data-raw-content=\\\"true\\\" class=\\\"title\\\"><\\/h4>\\n                                <p data-raw-content=\\\"true\\\" class=\\\"para\\\"><\\/p>\\n                            <\\/div>\\n                        <\\/div>\\n                    <\\/div>\\n                <\\/div>\\n                <div class=\\\"col-xl-5 col-lg-5 col-md-12 offset-xl-1\\\">\\n                    <div class=\\\"process-img\\\"><img src=\\\"\\/uploads\\/12d737e31931d690ac246371154622c1df1cdd9e\\/two-businessmen-shake-hands-to-celebrate-a-business-deal-free-photo.jpg\\\" alt=\\\"\\\"><\\/div>\\n                <\\/div>\\n            <\\/div>\\n        <\\/div>\\n    <\\/div>\\n    <div class=\\\"result-section mt-120\\\">\\n        <div class=\\\"container\\\">\\n            <div class=\\\"challenge-wrappper bg-right-half bg-1 IDKMCGWIB3C2A263\\\">\\n                <div class=\\\"challenge-area\\\">\\n                    <div class=\\\"row align-items-center\\\">\\n                        <div class=\\\"col-xl-5 col-lg-5 col-md-12\\\">\\n                            <div class=\\\"chanllenge-img\\\"><img src=\\\"\\/uploads\\/5d67285a3402f4e3a7a8fd37d66310ab68bc030f\\/5-things-to-consider-when-signing-a-contract.jpg\\\" alt=\\\"\\\"><\\/div>\\n                        <\\/div>\\n                        <div class=\\\"col-xl-6 col-lg-7 col-md-12 offset-xl-1\\\">\\n                            <div class=\\\"challenge-content\\\">\\n                                <h2 data-raw-content=\\\"true\\\" class=\\\"fight-heading\\\">Oferta \\u0219i contractarea<\\/h2>\\n                                <p data-raw-content=\\\"true\\\" class=\\\"mt-30\\\">Pe baza celor analizate \\u0219i discutate \\u00een cadrul \\u00eent\\u00e2lnirii v\\u0103 vom \\u00eenainta o ofert\\u0103 at\\u00e2t pe partea de consultan\\u021b\\u0103, c\\u00e2t \\u0219i pe partea de asistare \\u0219i reprezentare.<br>\\u200b\\u200b\\u200b\\u200b\\u200b\\u200b\\u200b<br>Suma achitat\\u0103 \\u00een contul unei consulta\\u021bii juridice se deduce din onorariul stabilit pentru solu\\u021bionarea \\u00eentregii cauze.<br><br>Onorariul se stabile\\u0219te personalizat, \\u00een func\\u021bie de fiecare situa\\u021bie \\u00een parte, prin negociere direct\\u0103 \\u00eentre avocat \\u0219i client. Practic\\u0103m onorarii orare, fixe \\u0219i periodice, oferind \\u00eentotdeauna solu\\u021bia perfect\\u0103 pentru dumneavoastr\\u0103.&nbsp;<br><br>\\u200b\\u200b\\u200b\\u200b\\u200b\\u200b\\u200b\\u00cen toate situa\\u021biile, onorariile \\u0219i modalitatea de plat\\u0103 vor fi prev\\u0103zute \\u00een contractul de asisten\\u021b\\u0103 juridic\\u0103 ce urmeaza s\\u0103 fie \\u00eencheiat \\u00een form\\u0103 scris\\u0103.<\\/p>\\n                                <p data-raw-content=\\\"true\\\" class=\\\"mt-25\\\"><\\/p>\\n                            <\\/div>\\n                        <\\/div>\\n                    <\\/div>\\n                <\\/div>\\n            <\\/div>\\n        <\\/div>\\n    <\\/div>\\n<\\/div>\",\"is_html\":true},\"IDKPWIVDUO3BPPT0\":{\"settings\":{\"attributes\":{\"nume\":\"1\",\"prenume\":\"1\",\"email\":\"1\",\"telefon\":\"1\",\"judet\":\"1\",\"cui\":\"1\",\"companie\":\"1\",\"credit_types\":\"\",\"style-identifier\":\"IDKPWIVBE8S8W0K1\"}},\"blocks\":[],\"html\":\"\",\"is_html\":false}}}}','2021-03-16 20:27:29','2021-03-16 20:27:29',NULL),(4,'Contact','master','{\"html\":[\"[block slug=\\\"05 - spatiu\\\" id=\\\"IDKRAL3AETT0L757\\\"][block slug=\\\"05 - spatiu\\\" id=\\\"IDKRAL3AEUSRF4M8\\\"][block slug=\\\"contact\\\" id=\\\"IDKRALQ4S0M98FK3\\\"][block slug=\\\"leads-form\\\" id=\\\"IDKPWIVNER6MDN00\\\"]\"],\"components\":[[{\"tagName\":\"phpb-block\",\"content\":\"\",\"attributes\":{\"slug\":\"05 - spatiu\",\"id\":\"IDKRAL3AETT0L757\"}},{\"tagName\":\"phpb-block\",\"content\":\"\",\"attributes\":{\"slug\":\"05 - spatiu\",\"id\":\"IDKRAL3AEUSRF4M8\"}},{\"tagName\":\"phpb-block\",\"content\":\"\",\"attributes\":{\"slug\":\"contact\",\"id\":\"IDKRALQ4S0M98FK3\"}},{\"tagName\":\"phpb-block\",\"content\":\"\",\"attributes\":{\"slug\":\"leads-form\",\"id\":\"IDKPWIVNER6MDN00\"}}]],\"css\":\"* { box-sizing: border-box; } body {margin: 0;}.mapouter{position:relative;text-align:right;height:500px;width:600px;}.gmap_canvas{overflow-x:hidden;overflow-y:hidden;height:500px;width:600px;background-image:none !important;background-position-x:initial !important;background-position-y:initial !important;background-size:initial !important;background-repeat-x:initial !important;background-repeat-y:initial !important;background-attachment:initial !important;background-origin:initial !important;background-clip:initial !important;background-color:initial !important;}.contact-inner.IDKMCK769G9UH5A2{text-align:justify;}#iw4vd{background-color:#333;padding:12px 0;}\",\"style\":[{\"selectors\":[{\"name\":\"mapouter\",\"label\":\"mapouter\",\"type\":1,\"active\":true,\"private\":false,\"protected\":false}],\"style\":{\"position\":\"relative\",\"text-align\":\"right\",\"height\":\"500px\",\"width\":\"600px\"}},{\"selectors\":[{\"name\":\"gmap_canvas\",\"label\":\"gmap_canvas\",\"type\":1,\"active\":true,\"private\":false,\"protected\":false}],\"style\":{\"overflow-x\":\"hidden\",\"overflow-y\":\"hidden\",\"height\":\"500px\",\"width\":\"600px\",\"background-image\":\"none !important\",\"background-position-x\":\"initial !important\",\"background-position-y\":\"initial !important\",\"background-size\":\"initial !important\",\"background-repeat-x\":\"initial !important\",\"background-repeat-y\":\"initial !important\",\"background-attachment\":\"initial !important\",\"background-origin\":\"initial !important\",\"background-clip\":\"initial !important\",\"background-color\":\"initial !important\"}},{\"selectors\":[{\"name\":\"contact-inner\",\"label\":\"contact-inner\",\"type\":1,\"active\":true,\"private\":false,\"protected\":false},{\"name\":\"IDKMCK769G9UH5A2\",\"label\":\"IDKMCK769G9UH5A2\",\"type\":1,\"active\":true,\"private\":false,\"protected\":false}],\"style\":{\"text-align\":\"justify\"}},{\"selectors\":[{\"name\":\"contact-inner\",\"label\":\"contact-inner\",\"type\":1,\"active\":true,\"private\":false,\"protected\":false},{\"name\":\"IDKRAL17EQHIGHT2\",\"label\":\"IDKRAL17EQHIGHT2\",\"type\":1,\"active\":true,\"private\":false,\"protected\":false}]},{\"selectors\":[{\"name\":\"contact-inner\",\"label\":\"contact-inner\",\"type\":1,\"active\":true,\"private\":false,\"protected\":false},{\"name\":\"IDKRALOBOK5T0ZF4\",\"label\":\"IDKRALOBOK5T0ZF4\",\"type\":1,\"active\":true,\"private\":false,\"protected\":false}]},{\"selectors\":[{\"name\":\"iw4vd\",\"label\":\"iw4vd\",\"type\":2,\"active\":true,\"private\":false,\"protected\":false}],\"style\":{\"background-color\":\"#333\",\"padding\":\"12px 0\"}}],\"blocks\":{\"en\":{\"IDKRAL3AETT0L757\":{\"settings\":{\"attributes\":{\"style-identifier\":\"IDKRAL1R9UNDQ2R8\"}},\"blocks\":[],\"html\":\"<section class=\\\"py-5 IDKRAL1R9UNDQ2R8 d-none d-lg-block\\\"><\\/section>\",\"is_html\":true},\"IDKRAL3AEUSRF4M8\":{\"settings\":{\"attributes\":{\"style-identifier\":\"IDKRAL1OSDDKILH6\"}},\"blocks\":[],\"html\":\"<section class=\\\"py-5 IDKRAL1OSDDKILH6 d-none d-md-block\\\"><\\/section>\",\"is_html\":true},\"IDKRALQ4RYFFSV72\":{\"settings\":{\"attributes\":{\"style-identifier\":\"IDKRALOOY1CMVLL8\"}},\"blocks\":[],\"html\":\"<a href=\\\"#\\\" data-toggle=\\\"modal\\\" data-target=\\\"#popupchatModal\\\" class=\\\"chat-active btn IDKRALOOY1CMVLL8 btn-secondary\\\">Contacteaz\\u0103-ne online<\\/a>\",\"is_html\":true},\"IDKRALQ4S0M98FK3\":{\"settings\":{\"attributes\":{\"style-identifier\":\"IDKRALOBOIJ1DT33\"}},\"blocks\":[],\"html\":\"<div class=\\\"IDKRALOBOIJ1DT33\\\">\\n    <div class=\\\"contact-area\\\">\\n        <div class=\\\"container\\\">\\n            <div class=\\\"contact-inner IDKRALOBOK5T0ZF4\\\">\\n                <div class=\\\"row\\\">\\n                    <div class=\\\"col-xl-6 col-lg-5\\\">\\n                        <div class=\\\"contact-info-area\\\">\\n                            <h2 data-raw-content=\\\"true\\\" class=\\\"title\\\">Contact<\\/h2>\\n                            <p data-raw-content=\\\"true\\\" class=\\\"para\\\">Ne puteti contacta, rapid, folosind datele de contact, de mai jos.<br><br><\\/p>\\n                            <div phpb-blocks-container=\\\"\\\">[block slug=\\\"leads-form-simple\\\" id=\\\"IDKRALQ4RYFFSV72\\\"]<\\/div>\\n                            <div class=\\\"contact-item\\\">\\n                                <h5 data-raw-content=\\\"true\\\" class=\\\"title\\\">Adresa<\\/h5>\\n                                <p data-raw-content=\\\"true\\\" class=\\\"para\\\">Calea Doroban\\u021bilor, nr 6, ap 3, Cluj-Napoca, Rom\\u00e2nia<\\/p>\\n                            <\\/div>\\n                            <div class=\\\"contact-item\\\">\\n                                <h5 data-raw-content=\\\"true\\\" class=\\\"title\\\">Telefon<\\/h5>\\n                                <p data-raw-content=\\\"true\\\" class=\\\"para\\\">+4 0733 652 877<\\/p>\\n                                <p data-raw-content=\\\"true\\\" class=\\\"para\\\"><\\/p>\\n                            <\\/div>\\n                            <div class=\\\"contact-item\\\">\\n                                <h5 data-raw-content=\\\"true\\\" class=\\\"title\\\">Email<\\/h5>\\n                                <p data-raw-content=\\\"true\\\" class=\\\"para\\\">contact@av.lodoabasorin.ro<\\/p>\\n                            <\\/div>\\n                        <\\/div>\\n                    <\\/div>\\n                    <div class=\\\"col-xl-6 col-lg-7\\\">\\n                        <div class=\\\"mapouter\\\">\\n                            <div class=\\\"gmap_canvas\\\"><iframe width=\\\"600\\\" height=\\\"500\\\" src=\\\"https:\\/\\/www.google.com\\/maps\\/embed?pb=!1m18!1m12!1m3!1d2732.6859162813944!2d23.59688491560171!3d46.77108707913814!2m3!1f0!2f0!3f0!3m2!1i1024!2i768!4f13.1!3m3!1m2!1s0x47490dec59e054c1%3A0xb81df02b417cd13b!2sCabinet%20Avocat%20Lodoab%C4%83%20Gheorghe-Sorin!5e0!3m2!1sro!2sro!4v1626695700576!5m2!1sro!2sro\\\" frameborder=\\\"0\\\" scrolling=\\\"no\\\" marginheight=\\\"0\\\" marginwidth=\\\"0\\\" id=\\\"gmap_canvas\\\"><\\/iframe><a href=\\\"https:\\/\\/youtube-embed-code.com\\\" class=\\\"IDKRALOBP3F8G4F5\\\">youtube embed code<\\/a><br><a href=\\\"https:\\/\\/google-map-generator.com\\\" class=\\\"IDKRALOBP4YT3EN6\\\">map generator<\\/a><\\/div>\\n                        <\\/div>\\n                    <\\/div>\\n                <\\/div>\\n            <\\/div>\\n        <\\/div>\\n    <\\/div>\\n<\\/div>\",\"is_html\":true},\"IDKPWIVNER6MDN00\":{\"settings\":{\"attributes\":{\"nume\":\"1\",\"prenume\":\"1\",\"email\":\"1\",\"telefon\":\"1\",\"judet\":\"1\",\"cui\":\"1\",\"companie\":\"1\",\"credit_types\":\"\",\"style-identifier\":\"IDKPWIVMHTE6J961\"}},\"blocks\":[],\"html\":\"\",\"is_html\":false}}}}','2021-03-16 21:59:27','2021-03-16 21:59:27',NULL),(5,'Procedure-clone','master','{\"html\":[\"[block slug=\\\"procedure\\\" id=\\\"IDKMCJGXDJWWA752\\\"][block slug=\\\"leads-form\\\" id=\\\"IDKMCJLX6A34FEM1\\\"]\"],\"components\":[[{\"tagName\":\"phpb-block\",\"content\":\"\",\"attributes\":{\"slug\":\"procedure\",\"id\":\"IDKMCJGXDJWWA752\"}},{\"tagName\":\"phpb-block\",\"content\":\"\",\"attributes\":{\"slug\":\"leads-form\",\"id\":\"IDKMCJLX6A34FEM1\"}}]],\"css\":\"* { box-sizing: border-box; } body {margin: 0;}#ic1kz{background-color:#333;padding:12px 0;}.IDKMCGWI9JGG0TQ1{text-align:justify;}\",\"style\":[{\"selectors\":[{\"name\":\"ic1kz\",\"label\":\"ic1kz\",\"type\":2,\"active\":true,\"private\":false,\"protected\":false}],\"style\":{\"background-color\":\"#333\",\"padding\":\"12px 0\"}},{\"selectors\":[{\"name\":\"IDKMCGWI9JGG0TQ1\",\"label\":\"IDKMCGWI9JGG0TQ1\",\"type\":1,\"active\":true,\"private\":false,\"protected\":false}],\"style\":{\"text-align\":\"justify\"}}],\"blocks\":{\"en\":{\"IDKMCJGXDJWWA752\":{\"settings\":{\"attributes\":{\"style-identifier\":\"IDKMCGWI9JGG0TQ1\"}},\"blocks\":[],\"html\":\"<div class=\\\"IDKMCGWI9JGG0TQ1\\\">\\n    <div class=\\\"about-case csd-about mt-120\\\">\\n        <div class=\\\"container\\\">\\n            <div class=\\\"row align-items-center\\\">\\n                <div class=\\\"col-xl-6 col-lg-5 col-md-12\\\">\\n                    <div class=\\\"about-case-img\\\">\\n                        <div class=\\\"caseimg-wrap\\\"><img src=\\\"\\/uploads\\/2ab3c97a717ae541249f1699d24861a9c2443ac3\\/poza-final-980.jpg\\\" alt=\\\"\\\"><\\/div>\\n                    <\\/div>\\n                <\\/div>\\n                <div class=\\\"col-xl-5 col-lg-7 col-md-12 offset-xl-1\\\">\\n                    <div class=\\\"service-tab-content\\\">\\n                        <h2 data-raw-content=\\\"true\\\" class=\\\"fight-heading\\\">Procedura de lucru<\\/h2>\\n                        <p data-raw-content=\\\"true\\\" class=\\\"mt-25 mb-4\\\">Fiecare caz preluat trece printr-o procedur\\u0103 de lucru rodat\\u0103 \\u0219i validat\\u0103, prin intermediul c\\u0103reia ne asigur\\u0103m c\\u0103 rezultatele obtinu\\u021be sunt maximizate.<\\/p>\\n                        <div class=\\\"vua-list\\\">\\n                            <h4 data-raw-content=\\\"true\\\" class=\\\"title\\\">1. Comunic\\u0103m<\\/h4>\\n                            <p data-raw-content=\\\"true\\\" class=\\\"para\\\">Impreun\\u0103 cu clientul se detaliaza spe\\u021ba \\u0219i se evalueaz\\u0103 complexitatea acesteia.<\\/p>\\n                        <\\/div>\\n                        <div class=\\\"vua-list\\\">\\n                            <h4 data-raw-content=\\\"true\\\" class=\\\"title\\\">2. Ofert\\u0103m<\\/h4>\\n                            <p data-raw-content=\\\"true\\\" class=\\\"para\\\">\\u200b\\u200b\\u200b\\u200b\\u200b\\u200b\\u200bIn func\\u021bie de complexitatea cazului se oferteaz\\u0103 conform&nbsp;<strong>Statutului Profesiei de Avocat<\\/strong><\\/p>\\n                        <\\/div>\\n                        <div class=\\\"vua-list\\\">\\n                            <h4 data-raw-content=\\\"true\\\" class=\\\"title\\\">3. Contract\\u0103m \\u0219i demar\\u0103m procedurile<\\/h4>\\n                            <p data-raw-content=\\\"true\\\" class=\\\"para\\\">\\u200b\\u200b\\u200b\\u200b\\u200b\\u200b\\u200bOdat\\u0103 acceptat\\u0103 oferta, se semneaz\\u0103 un contract de asisten\\u021b\\u0103 juridic\\u0103 \\u0219i apoi demar\\u0103m procedurile de reprezentare.<\\/p>\\n                        <\\/div>\\n                        <p data-raw-content=\\\"true\\\" class=\\\"mt-25\\\">*Pre\\u021bul unei consulta\\u021bii simple (r\\u0103spuns la o solicitare transmis\\u0103 prin acest site) este <strong>GRATUIT.<\\/strong><\\/p>\\n                    <\\/div>\\n                <\\/div>\\n            <\\/div>\\n        <\\/div>\\n    <\\/div>\\n    <div class=\\\"challenge-section csd-challenge mt-120\\\">\\n        <div class=\\\"container\\\">\\n            <div class=\\\"challenge-wrappper bg-left-half bg-1 IDKMCGWIA60R2732\\\">\\n                <div class=\\\"challenge-area\\\">\\n                    <div class=\\\"row align-items-center\\\">\\n                        <div class=\\\"col-xl-5 col-lg-7 col-md-12 offset-xl-1\\\">\\n                            <div class=\\\"challenge-content\\\">\\n                                <h2 data-raw-content=\\\"true\\\" class=\\\"fight-heading\\\">Cum comunic\\u0103m?<\\/h2>\\n                                <p data-raw-content=\\\"true\\\" class=\\\"mt-30\\\">Primul pas \\u00eencepe chiar aici, pe site.<\\/p>\\n                                <p data-raw-content=\\\"true\\\" class=\\\"mt-25\\\">Las\\u0103-ne un mesaj \\u00een care s\\u0103 ne spui c\\u00e2t mai pe scurt urm\\u0103toarele, iar noi vom reveni cu un r\\u0103spuns \\u0219i o programare \\u00een care s\\u0103 detaliem cele transmise:<\\/p>\\n                                <div class=\\\"fight-list challenge-list mt-15\\\">\\n                                    <ul data-raw-content=\\\"true\\\" class=\\\"fight-list-1\\\">\\n                                        <li><a data-cke-saved-href=\\\"#\\\" href=\\\"#\\\">Problema de studiu<\\/a><\\/li>\\n                                        <li><a data-cke-saved-href=\\\"#\\\" href=\\\"#\\\">Stadiul procesual curent<\\/a><\\/li>\\n                                    <\\/ul>\\n                                    <ul data-raw-content=\\\"true\\\" class=\\\"fight-list-2\\\">\\n                                        <li><a data-cke-saved-href=\\\"#\\\" href=\\\"#\\\">Ora\\u0219ul procesului<\\/a><\\/li>\\n                                        <li><a data-cke-saved-href=\\\"#\\\" href=\\\"#\\\">Alte informa\\u021bii relevante<\\/a><\\/li>\\n                                    <\\/ul>\\n                                <\\/div>\\n                            <\\/div>\\n                        <\\/div>\\n                        <div class=\\\"col-xl-6 col-lg-5 col-md-12\\\">\\n                            <div class=\\\"chanllenge-img-right\\\"><img src=\\\"\\/uploads\\/8cf5c7a9704b8a83e2f693525dfd3a6d6e20b8a8\\/istockphoto-1158703224-612x612.jpg\\\" alt=\\\"\\\"><\\/div>\\n                        <\\/div>\\n                    <\\/div>\\n                <\\/div>\\n            <\\/div>\\n        <\\/div>\\n    <\\/div>\\n    <div class=\\\"process-section mt-120\\\">\\n        <div class=\\\"container\\\">\\n            <div class=\\\"row\\\">\\n                <div class=\\\"col-xl-5 col-lg-7 col-md-12 offset-xl-1\\\">\\n                    <div class=\\\"process-content\\\">\\n                        <h2 data-raw-content=\\\"true\\\" class=\\\"fight-heading\\\">Ofertarea<\\/h2>\\n                        <div class=\\\"process-info\\\">\\n                            <div class=\\\"process-item\\\">\\n                                <h4 data-raw-content=\\\"true\\\" class=\\\"title\\\">1. Analiz\\u0103m cele transmise<\\/h4>\\n                                <p data-raw-content=\\\"true\\\" class=\\\"para\\\">Atat consultan\\u021ba juridic\\u0103, precum \\u0219i reprezentarea juridic\\u0103 sunt subiectul ofert\\u0103rii ferme, in baza unui contract de asisten\\u021b\\u0103 jurdic\\u0103.<\\/p>\\n                            <\\/div>\\n                            <div class=\\\"process-item\\\">\\n                                <h4 data-raw-content=\\\"true\\\" class=\\\"title\\\">2. Formul\\u0103m o oferta<\\/h4>\\n                                <p data-raw-content=\\\"true\\\" class=\\\"para\\\">Pe baza celor analizate, \\u00ee\\u021bi vom \\u00eenainta o ofert\\u0103 at\\u00e2t pe partea de consultan\\u021b\\u0103 c\\u00e2t \\u0219i pe cea de asisten\\u021b\\u0103<\\/p>\\n                            <\\/div>\\n                            <div class=\\\"process-item\\\">\\n                                <h4 data-raw-content=\\\"true\\\" class=\\\"title\\\">3. Stabilim o \\u00eentalnire elaborat\\u0103<\\/h4>\\n                                <p data-raw-content=\\\"true\\\" class=\\\"para\\\">Dac\\u0103 oferta este acceptat\\u0103, stabilim o \\u00eent\\u00e2lnire \\u00een care semn\\u0103m contractul de asisten\\u021b\\u0103 \\u0219i intr\\u0103m \\u00een detaliul spe\\u021bei.<\\/p>\\n                            <\\/div>\\n                            <div class=\\\"process-item\\\">\\n                                <h4 data-raw-content=\\\"true\\\" class=\\\"title\\\"><\\/h4>\\n                                <p data-raw-content=\\\"true\\\" class=\\\"para\\\"><\\/p>\\n                            <\\/div>\\n                        <\\/div>\\n                    <\\/div>\\n                <\\/div>\\n                <div class=\\\"col-xl-5 col-lg-5 col-md-12 offset-xl-1\\\">\\n                    <div class=\\\"process-img\\\"><img src=\\\"\\/uploads\\/12d737e31931d690ac246371154622c1df1cdd9e\\/two-businessmen-shake-hands-to-celebrate-a-business-deal-free-photo.jpg\\\" alt=\\\"\\\"><\\/div>\\n                <\\/div>\\n            <\\/div>\\n        <\\/div>\\n    <\\/div>\\n    <div class=\\\"result-section mt-120\\\">\\n        <div class=\\\"container\\\">\\n            <div class=\\\"challenge-wrappper bg-right-half bg-1 IDKMCGWIB3C2A263\\\">\\n                <div class=\\\"challenge-area\\\">\\n                    <div class=\\\"row align-items-center\\\">\\n                        <div class=\\\"col-xl-5 col-lg-5 col-md-12\\\">\\n                            <div class=\\\"chanllenge-img\\\"><img src=\\\"\\/uploads\\/5d67285a3402f4e3a7a8fd37d66310ab68bc030f\\/5-things-to-consider-when-signing-a-contract.jpg\\\" alt=\\\"\\\"><\\/div>\\n                        <\\/div>\\n                        <div class=\\\"col-xl-6 col-lg-7 col-md-12 offset-xl-1\\\">\\n                            <div class=\\\"challenge-content\\\">\\n                                <h2 data-raw-content=\\\"true\\\" class=\\\"fight-heading\\\">Contractul de asisten\\u021b\\u0103<\\/h2>\\n                                <p data-raw-content=\\\"true\\\" class=\\\"mt-30\\\">Onorariile se determin\\u0103 \\u0219i se prev\\u0103d \\u00een contractul de asisten\\u021b\\u0103 juridic\\u0103 la data \\u00eencheierii acestuia \\u00eentre avocat \\u0219i client, \\u00eenainte de \\u00eenceperea asisten\\u021bei \\u0219i\\/sau reprezent\\u0103rii clientului.<br><br>\\u00cen cazul \\u00een care \\u00eemprejur\\u0103rile concrete impun asigurarea asisten\\u021bei \\u0219i\\/sau reprezent\\u0103rii imediate \\u0219i nu se poate \\u00eencheia un contract de asisten\\u021b\\u0103 juridic\\u0103, avocatul este obligat s\\u0103 transmit\\u0103 clientului, \\u00een cel mai scurt timp posibil, o comunicare, prin care s\\u0103 aduc\\u0103 la cunostin\\u021ba clientului onorariile pe care le propune pentru asisten\\u021b\\u0103 \\u0219i\\/sau reprezentare. \\u00cen absenta unor instruc\\u021biuni exprese a clientului privind \\u00eencetarea asisten\\u021bei \\u0219i\\/sau reprezent\\u0103rii, ori a unei comunic\\u0103ri prin care clientul \\u00ee\\u0219i exprim\\u0103 expres dezacordul \\u00een privin\\u021ba onorariilor, se consider\\u0103 onorariile propuse prin comunicarea f\\u0103cut\\u0103 de avocat ca fiind acceptate.<br><br>\\u200b\\u200b\\u200b\\u200b\\u200b\\u200b\\u200b\\u00cen toate situatiile, onorariile vor fi prev\\u0103zute \\u00een contractul de asisten\\u021b\\u0103 juridic\\u0103 ce urmeaza s\\u0103 fie \\u00eencheiat \\u00een form\\u0103 scris\\u0103.<\\/p>\\n                                <p data-raw-content=\\\"true\\\" class=\\\"mt-25\\\"><\\/p>\\n                            <\\/div>\\n                        <\\/div>\\n                    <\\/div>\\n                <\\/div>\\n            <\\/div>\\n        <\\/div>\\n    <\\/div>\\n<\\/div>\",\"is_html\":true},\"IDKMCJLX6A34FEM1\":{\"settings\":{\"attributes\":{\"nume\":\"1\",\"prenume\":\"1\",\"email\":\"1\",\"telefon\":\"1\",\"judet\":\"1\",\"cui\":\"1\",\"companie\":\"1\",\"credit_types\":\"\",\"style-identifier\":\"IDKMCJJZSGP0BCS1\"}},\"blocks\":[],\"html\":\"\",\"is_html\":false}}}}',NULL,NULL,NULL),(6,'About-clone','master','{\"html\":[\"[block slug=\\\"about\\\" id=\\\"IDKMCG3WANYKFYV0\\\"]\"],\"components\":[[{\"tagName\":\"phpb-block\",\"content\":\"\",\"attributes\":{\"slug\":\"about\",\"id\":\"IDKMCG3WANYKFYV0\"}}]],\"css\":\"* { box-sizing: border-box; } body {margin: 0;}#ix71g{background-color:#333;padding:12px 0;}.IDKMCFX5GBXEA191{text-align:left;height:auto;padding:0 0 30px 0;}.member-details-wrap.bg-right.bg-1.IDKMCFX5GEAEK902{padding:0 0 0 80px;}\",\"style\":[{\"selectors\":[{\"name\":\"ix71g\",\"label\":\"ix71g\",\"type\":2,\"active\":true,\"private\":false,\"protected\":false}],\"style\":{\"background-color\":\"#333\",\"padding\":\"12px 0\"}},{\"selectors\":[{\"name\":\"IDKMCFX5GBXEA191\",\"label\":\"IDKMCFX5GBXEA191\",\"type\":1,\"active\":true,\"private\":false,\"protected\":false}],\"style\":{\"text-align\":\"left\",\"height\":\"auto\",\"padding\":\"0 0 30px 0\"}},{\"selectors\":[{\"name\":\"member-details-wrap\",\"label\":\"member-details-wrap\",\"type\":1,\"active\":true,\"private\":false,\"protected\":false},{\"name\":\"bg-right\",\"label\":\"bg-right\",\"type\":1,\"active\":true,\"private\":false,\"protected\":false},{\"name\":\"bg-1\",\"label\":\"bg-1\",\"type\":1,\"active\":true,\"private\":false,\"protected\":false},{\"name\":\"IDKMCFX5GEAEK902\",\"label\":\"IDKMCFX5GEAEK902\",\"type\":1,\"active\":true,\"private\":false,\"protected\":false}],\"style\":{\"padding\":\"0 0 0 80px\"}}],\"blocks\":{\"en\":{\"IDKMCG3WANYKFYV0\":{\"settings\":{\"attributes\":{\"style-identifier\":\"IDKMCFX5GBXEA191\"}},\"blocks\":[],\"html\":\"<div class=\\\"IDKMCFX5GBXEA191\\\">\\n    <div class=\\\"member-details\\\">\\n        <div class=\\\"container\\\">\\n            <div class=\\\"member-details-wrap bg-right bg-1 IDKMCFX5GEAEK902\\\">\\n                <div class=\\\"row\\\">\\n                    <div class=\\\"col-lg-5 col-md-12 offset-lg-1\\\">\\n                        <div class=\\\"memeber-img\\\"><img src=\\\"\\/uploads\\/2ab3c97a717ae541249f1699d24861a9c2443ac3\\/poza-final-980.jpg\\\" alt=\\\"\\\"><\\/div>\\n                    <\\/div>\\n                    <div class=\\\"col-lg-5 col-md-12 offset-lg-1\\\">\\n                        <div class=\\\"contact-info-area member-info-inner\\\">\\n                            <h2 data-raw-content=\\\"true\\\" class=\\\"title\\\">LODOABA Sorin<\\/h2>\\n                            <h4 data-raw-content=\\\"true\\\" class=\\\"sub-title\\\">Avocat<\\/h4>\\n                            <div class=\\\"contact-item\\\">\\n                                <h5 data-raw-content=\\\"true\\\" class=\\\"title\\\"><\\/h5>\\n                                <p data-raw-content=\\\"true\\\" class=\\\"para\\\"><\\/p>\\n                            <\\/div>\\n                            <div class=\\\"contact-item\\\">\\n                                <h5 data-raw-content=\\\"true\\\" class=\\\"title\\\"><\\/h5>\\n                                <p data-raw-content=\\\"true\\\" class=\\\"para\\\"><\\/p>\\n                            <\\/div>\\n                            <div class=\\\"contact-item\\\">\\n                                <h5 data-raw-content=\\\"true\\\" class=\\\"title\\\">Adresa<\\/h5>\\n                                <p data-raw-content=\\\"true\\\" class=\\\"para\\\">Calea Doroban\\u021bilor, nr. 6, ap. 3, Cluj-Napoca, Cluj, Romania<\\/p>\\n                            <\\/div>\\n                            <div class=\\\"contact-item\\\">\\n                                <h5 data-raw-content=\\\"true\\\" class=\\\"title\\\">Telefon<\\/h5>\\n                                <p data-raw-content=\\\"true\\\" class=\\\"para\\\">+40 733 652 877<\\/p>\\n                                <p data-raw-content=\\\"true\\\" class=\\\"para\\\"><\\/p>\\n                            <\\/div>\\n                            <div class=\\\"contact-item\\\">\\n                                <h5 data-raw-content=\\\"true\\\" class=\\\"title\\\">Email<\\/h5>\\n                                <p data-raw-content=\\\"true\\\" class=\\\"para\\\">contact@lodoabasorin.ro<\\/p>\\n                            <\\/div>\\n                            <div class=\\\"blog-share member-share\\\">\\n                                <div class=\\\"social-share\\\"><a href=\\\"#\\\" class=\\\"social-link IDKMCFX5H93F93M3\\\"><i data-raw-content=\\\"true\\\" class=\\\"flaticon-facebook-logo\\\"><\\/i><\\/a><a href=\\\"#\\\" class=\\\"social-link IDKMCFX5HCZQW0G4\\\"><i data-raw-content=\\\"true\\\" class=\\\"flaticon-twitter\\\"><\\/i><\\/a><a href=\\\"#\\\" class=\\\"social-link IDKMCFX5HGZ5L4N5\\\"><i data-raw-content=\\\"true\\\" class=\\\"flaticon-linkedin-letters\\\"><\\/i><\\/a><\\/div>\\n                            <\\/div><button data-raw-content=\\\"true\\\" class=\\\"primary-btn mt-30 IDKMCFX5HI5Y2WM6\\\">Download VCard<\\/button>\\n                        <\\/div>\\n                    <\\/div>\\n                <\\/div>\\n            <\\/div>\\n        <\\/div>\\n    <\\/div><!-- member details end -->\\n    <!-- experience start -->\\n    <div class=\\\"experience-section mt-120\\\">\\n        <div class=\\\"container\\\">\\n            <div class=\\\"challenge-area\\\">\\n                <div class=\\\"row align-items-center\\\">\\n                    <div class=\\\"col-xl-5 col-lg-6 col-md-12 offset-xl-1\\\">\\n                        <div class=\\\"challenge-content\\\">\\n                            <h2 data-raw-content=\\\"true\\\" class=\\\"fight-heading\\\">Experien\\u021b\\u0103 profesional\\u0103<\\/h2>\\n                            <p data-raw-content=\\\"true\\\" class=\\\"mt-35\\\">Domnul avocat Lodoab\\u0103 Gheorghe-Sorin a absolvit Facultatea de Drept din cadrul Universit\\u0103\\u021bii Babe\\u0219-Bolyai din Cluj-Napoca <span style=\\\"font-size:11.0pt\\\"><span style=\\\"line-height:115%\\\"><span style=\\\"font-family:&quot;Bookman Old Style&quot;,serif\\\">\\u2013 <\\/span><\\/span><\\/span>promo\\u021bia 2013 \\u0219i programul de masterat <em>\\u201dInstitu\\u021bii de drept privat\\u201d<\\/em>&nbsp;din cadrul aceleia\\u0219i Universit\\u0103\\u021bi.<br><br>\\u00cen cadrul Universit\\u0103\\u021bii a colaborat cu diferite societ\\u0103\\u021bi \\u0219i cabinete de avocatur\\u0103, \\u00eembog\\u0103\\u021bindu-\\u0219i cuno\\u0219tin\\u021bele teoretice \\u0219i pun\\u00e2ndu-le \\u00een practic\\u0103 - s\\u0103 fie mai frumos.\\u200b\\u200b\\u200b\\u200b<\\/p>\\n                            <p data-raw-content=\\\"true\\\" class=\\\"mt-25\\\">Este membru al Baroului Cluj din anul 2019, iar \\u00een 2021 a decis s\\u0103 continue pe cont propriu, dorind s\\u0103 se afirme ... \\u00cen toat\\u0103 aceast\\u0103 perioad\\u0103 a participat la mai multe conferin\\u021be... (s\\u0103 v\\u0103d dac\\u0103 au nume faine) \\u0219i a ob\\u021binut diverse acredit\\u0103ri (cum se formuleaz\\u0103) precum \\u0219i Data Protection Oficer, fiind \\u00eentr-o continu\\u0103 perfec\\u021bionare \\u0219i formare. ...<\\/p>\\n                        <\\/div>\\n                    <\\/div>\\n                    <div class=\\\"col-xl-5 col-lg-6 col-md-12 offset-xl-1\\\">\\n                        <div class=\\\"chanllenge-img experience-img\\\"><img src=\\\"\\/uploads\\/7c027aa776811e631d1d6380d29c9c8ce940a23e\\/HOA-Attorneys-\\u2013-Why-They-Are-Important-And-How-To-Find-One.jpg\\\" alt=\\\"\\\"><\\/div>\\n                    <\\/div>\\n                <\\/div>\\n            <\\/div>\\n        <\\/div>\\n    <\\/div><!-- experience end -->\\n<\\/div>\",\"is_html\":true}}}}',NULL,NULL,NULL),(7,'Procedure-clone','master',NULL,NULL,NULL,NULL),(8,'Termeni și condiții','master','{\"html\":[\"[block slug=\\\"05 - spatiu\\\" id=\\\"IDKPWP0OSQXOJL610\\\"][block slug=\\\"101 - container-boxed\\\" id=\\\"IDKPWP0OSX8O7D114\\\"]\"],\"components\":[[{\"tagName\":\"phpb-block\",\"content\":\"\",\"attributes\":{\"slug\":\"05 - spatiu\",\"id\":\"IDKPWP0OSQXOJL610\"}},{\"tagName\":\"phpb-block\",\"content\":\"\",\"attributes\":{\"slug\":\"101 - container-boxed\",\"id\":\"IDKPWP0OSX8O7D114\"}}]],\"css\":\"* { box-sizing: border-box; } body {margin: 0;}.IDKPWOBS9J04QGY5{text-align:justify;margin:0 400px 0 0;}.container.IDKPWOBLIODJZXM1{margin:0 124.667px 0 124.667px;}#ijn3o{background-color:#333;padding:12px 0;}\",\"style\":[{\"selectors\":[{\"name\":\"IDKPWOBS9J04QGY5\",\"label\":\"IDKPWOBS9J04QGY5\",\"type\":1,\"active\":true,\"private\":false,\"protected\":false}],\"style\":{\"text-align\":\"justify\",\"margin\":\"0 400px 0 0\"}},{\"selectors\":[{\"name\":\"container\",\"label\":\"container\",\"type\":1,\"active\":true,\"private\":false,\"protected\":false},{\"name\":\"IDKPWOBLIODJZXM1\",\"label\":\"IDKPWOBLIODJZXM1\",\"type\":1,\"active\":true,\"private\":false,\"protected\":false}],\"style\":{\"margin\":\"0 124.667px 0 124.667px\"}},{\"selectors\":[{\"name\":\"ijn3o\",\"label\":\"ijn3o\",\"type\":2,\"active\":true,\"private\":false,\"protected\":false}],\"style\":{\"background-color\":\"#333\",\"padding\":\"12px 0\"}}],\"blocks\":{\"en\":{\"IDKPWP0OSQXOJL610\":{\"settings\":{\"attributes\":{\"style-identifier\":\"IDKPWOBU4Y5XKBT7\"}},\"blocks\":[],\"html\":\"<section class=\\\"py-5 IDKPWOBU4Y5XKBT7\\\"><\\/section>\",\"is_html\":true},\"IDKPWP0OSUX5PB211\":{\"settings\":{\"attributes\":{\"style-identifier\":\"IDKPWOBPPD35HI33\"}},\"blocks\":[],\"html\":\"<h1 data-raw-content=\\\"true\\\" class=\\\"IDKPWOBPPD35HI33\\\">Termeni \\u0219i condi\\u021bii<\\/h1>\",\"is_html\":true},\"IDKPWP0OSWDCK3412\":{\"settings\":{\"attributes\":{\"style-identifier\":\"IDKR0RA55EZM1P30\"}},\"blocks\":[],\"html\":\"<section class=\\\"py-5 IDKPWOD6T23GY5611 IDKR0RA55EZM1P30\\\"><\\/section>\",\"is_html\":true},\"IDKPWP0OSX099WH13\":{\"settings\":{\"attributes\":{\"style-identifier\":\"IDKPWOBS9J04QGY5\"}},\"blocks\":[],\"html\":\"<p data-raw-content=\\\"true\\\" class=\\\"IDKPWOBS9J04QGY5\\\"><strong>Lodoab\\u0103 Gheorghe-Sorin - Cabinet de Avocat <\\/strong>(denumit \\u00een continuare \\u201dnoi\\u201d)&nbsp;func\\u021bioneaz\\u0103 \\u00een baza Actului de \\u00cenfiin\\u021bare \\u0219i a Deciziei Consiliului Baroului Cluj nr. 323 din 11.05.2021.<br><br>Site-ul web <a data-cke-saved-href=\\\"http:\\/\\/lodoabasorin.ro\\/\\\" href=\\\"http:\\/\\/lodoabasorin.ro\\/\\\">av.lodoabasorin.ro<\\/a>&nbsp;<strong>nu&nbsp;<\\/strong>utilizeaz\\u0103 module de tip cookies.<br><br>Acest site este unul de prezentare a Cabinetului de avocat Lodoab\\u0103 Gheorghe-Sorin \\u0219i&nbsp;<strong>nu colect\\u0103m date cu caracter personal \\u00een mod sistematic*.<\\/strong><br><br>*<strong>prin excep\\u021bie, \\u00een cazul folosirii formularului de contact vom colecta urm\\u0103toarele date:<\\/strong><br>- numele \\u0219i prenumele dumneavoastr\\u0103;<br>- telefonul;<br>- adresa de e-mail;<br><br><strong>Scopul&nbsp;<\\/strong>colect\\u0103rii acestor date este pentru a putea facilita comunicarea dintre p\\u0103r\\u021bi (Dumneavoastr\\u0103 \\u0219i Cabinetul de Avocat).<br><br>\\u200b\\u200b\\u200b\\u200b\\u200b\\u200b\\u200bInforma\\u021biile furnizate <strong>nu vor fi transmise niciunui ter\\u021b.<br><br>Drepturile dumneavoastr\\u0103:<br>\\u200b\\u200b\\u200b\\u200b\\u200b\\u200b\\u200b<\\/strong>- dreptul de acces - care \\u00eenseamn\\u0103 c\\u0103 ave\\u021bi dreptul de a ob\\u021bine din partea noastr\\u0103 o confirmare cu privire la prelucrarea sau lipsa prelucr\\u0103rii datelor cu caracter personal care v\\u0103 privesc \\u0219i, \\u00een caz afirmativ, acces la datele respective;<br>\\u200b\\u200b\\u200b\\u200b\\u200b\\u200b\\u200b- dreptul la rectificare - \\u00eensemn\\u00e2nd c\\u0103 ave\\u021bi posibilitatea de a v\\u0103 actualiza datele cu caracter personal;<br>- dreptul la \\u0219tergere;<br>\\u200b\\u200b\\u200b\\u200b\\u200b\\u200b\\u200b- dreptul la restric\\u021bionarea prelucr\\u0103rii - posibilitatea dumneavoastr\\u0103 de a solicita limitarea prelucr\\u0103rii \\u00een cazul \\u00een care: contesta\\u021bi exactitatea datelor, prelucrarea este ilegal\\u0103, v-a\\u021bi opus la prelucrare sau dori\\u021bi s\\u0103 pre\\u00eent\\u00e2mpina\\u021bi \\u0219tergerea acestora \\u00een baza unui interes legitim;<br>- dreptul la portabilitate - prin care pute\\u021bi primi datele cu caracter personal care v\\u0103 privesc;<br>- dreptul la opozi\\u021bie - care vizeaz\\u0103 dreptul de a v\\u0103 opune oric\\u0103rei prelucr\\u0103ri cu care nu sunte\\u021bi de acord;<br>- dreptul de a depune o pl\\u00e2ngere \\u00een fa\\u021ba autorit\\u0103\\u021bii de supraveghere:&nbsp;<strong><a data-cke-saved-href=\\\"https:\\/\\/www.dataprotection.ro\\/?page=Plangeri_pagina_principala\\\" href=\\\"https:\\/\\/www.dataprotection.ro\\/?page=Plangeri_pagina_principala\\\" target=\\\"_blank\\\">aici.<\\/a><\\/strong><br><br><strong>Orice comunicare \\u00een leg\\u0103tur\\u0103 cu datele cu caracter personal \\u0219i cu prelucrarea sau modul de prelucrare al acestora, precum \\u0219i orice alte cereri poate fi f\\u0103cut\\u0103 la adresa: contact@av.lodoabasorin.ro.<\\/strong><br><br>Ultima actualizare: 12.07.2021\\u200b\\u200b\\u200b\\u200b\\u200b\\u200b.<br><br><br><\\/p>\",\"is_html\":true},\"IDKPWP0OSX8O7D114\":{\"settings\":{\"attributes\":{\"style-identifier\":\"IDKPWOBLIODJZXM1\"}},\"blocks\":[],\"html\":\"<div phpb-blocks-container=\\\"\\\" class=\\\"container IDKPWOBLIODJZXM1\\\">[block slug=\\\"00 - titlu - h1\\\" id=\\\"IDKPWP0OSUX5PB211\\\"][block slug=\\\"05 - spatiu\\\" id=\\\"IDKPWP0OSWDCK3412\\\"][block slug=\\\"03 - text - paragraph\\\" id=\\\"IDKPWP0OSX099WH13\\\"]<\\/div>\",\"is_html\":true}}}}','2021-06-14 13:49:07','2021-06-14 13:49:07','1'),(9,'Homepage-clone','master','{\"html\":[\"[block slug=\\\"100 - container-full\\\" id=\\\"IDKMCASL28HAUHJ4\\\"]\"],\"components\":[[{\"tagName\":\"phpb-block\",\"content\":\"\",\"attributes\":{\"slug\":\"100 - container-full\",\"id\":\"IDKMCASL28HAUHJ4\"}}]],\"css\":\"* { box-sizing: border-box; } body {margin: 0;}.fight-quote.pr-xl-0.pt-5.pl-5.pr-5.IDKMC8TJAZ06TCJ11.IDKMC92BLMYNVYQ1{padding:42px 0 50px 42px;}.service-content.IDKMC99ZW7TBU3F22.IDKMCANP4RNDKLC2{padding:15px 10px 20px 10px;}.service-content.IDKMC9A2Q6BWSIS26.IDKMCANP4WO33QL5{padding:15px 10px 20px 10px;}.service-content.IDKMC9B4YJGOWO935.IDKMCANP51LOHM79{padding:15px 10px 20px 10px;text-align:center;}.service-content.IDKMC9B53FFKCF238.IDKMCANP5610VK612.IDKMCFL1MU0J8TG2{padding:15px 10px 20px 10px;}.service-content.IDKMC9B4YJGOWO935.IDKMCFLVSP1TKJN5{padding:15px 10px 20px 10px;}.service-content.IDKMC9B53FFKCF238.IDKMCANP5610VK612.IDKMCFLVTC3A9JM7{padding:15px 10px 20px 10px;}#iofih{background-color:#333;padding:12px 0;}.container-fluid.IDKMCAO4KIKMFOT17.IDKMCFL1MG40C7W0{text-align:justify;}.IDKRF4NS5UUU7RO16{margin:90px 0 0 0;}\",\"style\":[{\"selectors\":[{\"name\":\"fight-quote\",\"label\":\"fight-quote\",\"type\":1,\"active\":true,\"private\":false,\"protected\":false},{\"name\":\"pr-xl-0\",\"label\":\"pr-xl-0\",\"type\":1,\"active\":true,\"private\":false,\"protected\":false},{\"name\":\"pt-5\",\"label\":\"pt-5\",\"type\":1,\"active\":true,\"private\":false,\"protected\":false},{\"name\":\"pl-5\",\"label\":\"pl-5\",\"type\":1,\"active\":true,\"private\":false,\"protected\":false},{\"name\":\"pr-5\",\"label\":\"pr-5\",\"type\":1,\"active\":true,\"private\":false,\"protected\":false},{\"name\":\"IDKMC8TJAZ06TCJ11\",\"label\":\"IDKMC8TJAZ06TCJ11\",\"type\":1,\"active\":true,\"private\":false,\"protected\":false},{\"name\":\"IDKMC92BLMYNVYQ1\",\"label\":\"IDKMC92BLMYNVYQ1\",\"type\":1,\"active\":true,\"private\":false,\"protected\":false}],\"style\":{\"padding\":\"42px 0 50px 42px\"}},{\"selectors\":[{\"name\":\"service-content\",\"label\":\"service-content\",\"type\":1,\"active\":true,\"private\":false,\"protected\":false},{\"name\":\"IDKMC99ZW7TBU3F22\",\"label\":\"IDKMC99ZW7TBU3F22\",\"type\":1,\"active\":true,\"private\":false,\"protected\":false},{\"name\":\"IDKMCANP4RNDKLC2\",\"label\":\"IDKMCANP4RNDKLC2\",\"type\":1,\"active\":true,\"private\":false,\"protected\":false}],\"style\":{\"padding\":\"15px 10px 20px 10px\"}},{\"selectors\":[{\"name\":\"service-content\",\"label\":\"service-content\",\"type\":1,\"active\":true,\"private\":false,\"protected\":false},{\"name\":\"IDKMC9A2Q6BWSIS26\",\"label\":\"IDKMC9A2Q6BWSIS26\",\"type\":1,\"active\":true,\"private\":false,\"protected\":false},{\"name\":\"IDKMCANP4WO33QL5\",\"label\":\"IDKMCANP4WO33QL5\",\"type\":1,\"active\":true,\"private\":false,\"protected\":false}],\"style\":{\"padding\":\"15px 10px 20px 10px\"}},{\"selectors\":[{\"name\":\"service-content\",\"label\":\"service-content\",\"type\":1,\"active\":true,\"private\":false,\"protected\":false},{\"name\":\"IDKMC9B4YJGOWO935\",\"label\":\"IDKMC9B4YJGOWO935\",\"type\":1,\"active\":true,\"private\":false,\"protected\":false},{\"name\":\"IDKMCANP51LOHM79\",\"label\":\"IDKMCANP51LOHM79\",\"type\":1,\"active\":true,\"private\":false,\"protected\":false}],\"style\":{\"padding\":\"15px 10px 20px 10px\",\"text-align\":\"center\"}},{\"selectors\":[{\"name\":\"service-content\",\"label\":\"service-content\",\"type\":1,\"active\":true,\"private\":false,\"protected\":false},{\"name\":\"IDKMC9B53FFKCF238\",\"label\":\"IDKMC9B53FFKCF238\",\"type\":1,\"active\":true,\"private\":false,\"protected\":false},{\"name\":\"IDKMCANP5610VK612\",\"label\":\"IDKMCANP5610VK612\",\"type\":1,\"active\":true,\"private\":false,\"protected\":false},{\"name\":\"IDKMCFL1MU0J8TG2\",\"label\":\"IDKMCFL1MU0J8TG2\",\"type\":1,\"active\":true,\"private\":false,\"protected\":false}],\"style\":{\"padding\":\"15px 10px 20px 10px\"}},{\"selectors\":[{\"name\":\"service-content\",\"label\":\"service-content\",\"type\":1,\"active\":true,\"private\":false,\"protected\":false},{\"name\":\"IDKMC9B4YJGOWO935\",\"label\":\"IDKMC9B4YJGOWO935\",\"type\":1,\"active\":true,\"private\":false,\"protected\":false},{\"name\":\"IDKMCFLVSP1TKJN5\",\"label\":\"IDKMCFLVSP1TKJN5\",\"type\":1,\"active\":true,\"private\":false,\"protected\":false}],\"style\":{\"padding\":\"15px 10px 20px 10px\"}},{\"selectors\":[{\"name\":\"service-content\",\"label\":\"service-content\",\"type\":1,\"active\":true,\"private\":false,\"protected\":false},{\"name\":\"IDKMC9B53FFKCF238\",\"label\":\"IDKMC9B53FFKCF238\",\"type\":1,\"active\":true,\"private\":false,\"protected\":false},{\"name\":\"IDKMCANP5610VK612\",\"label\":\"IDKMCANP5610VK612\",\"type\":1,\"active\":true,\"private\":false,\"protected\":false},{\"name\":\"IDKMCFLVTC3A9JM7\",\"label\":\"IDKMCFLVTC3A9JM7\",\"type\":1,\"active\":true,\"private\":false,\"protected\":false}],\"style\":{\"padding\":\"15px 10px 20px 10px\"}},{\"selectors\":[{\"name\":\"iofih\",\"label\":\"iofih\",\"type\":2,\"active\":true,\"private\":false,\"protected\":false}],\"style\":{\"background-color\":\"#333\",\"padding\":\"12px 0\"}},{\"selectors\":[{\"name\":\"container-fluid\",\"label\":\"container-fluid\",\"type\":1,\"active\":true,\"private\":false,\"protected\":false},{\"name\":\"IDKRF4LHDKF07S41\",\"label\":\"IDKRF4LHDKF07S41\",\"type\":1,\"active\":true,\"private\":false,\"protected\":false}]},{\"selectors\":[{\"name\":\"container-fluid\",\"label\":\"container-fluid\",\"type\":1,\"active\":true,\"private\":false,\"protected\":false},{\"name\":\"IDKRF4MIZG851PT7\",\"label\":\"IDKRF4MIZG851PT7\",\"type\":1,\"active\":true,\"private\":false,\"protected\":false}]},{\"selectors\":[{\"name\":\"container-fluid\",\"label\":\"container-fluid\",\"type\":1,\"active\":true,\"private\":false,\"protected\":false},{\"name\":\"IDKMCAO4KIKMFOT17\",\"label\":\"IDKMCAO4KIKMFOT17\",\"type\":1,\"active\":true,\"private\":false,\"protected\":false},{\"name\":\"IDKMCFL1MG40C7W0\",\"label\":\"IDKMCFL1MG40C7W0\",\"type\":1,\"active\":true,\"private\":false,\"protected\":false}],\"style\":{\"text-align\":\"justify\"}},{\"selectors\":[{\"name\":\"IDKRF4NS5UUU7RO16\",\"label\":\"IDKRF4NS5UUU7RO16\",\"type\":1,\"active\":true,\"private\":false,\"protected\":false}],\"style\":{\"margin\":\"90px 0 0 0\"}}],\"blocks\":{\"en\":{\"IDKRF4LV60EZY140\":{\"settings\":{\"attributes\":{\"style-identifier\":\"IDKRF4LP68LIV4G3\"}},\"blocks\":[],\"html\":\"<img src=\\\"\\/uploads\\/30dbdf9b9c8f5a2f84a7efc4164c7c9826aebcac\\/IMG_8045.JPG\\\" class=\\\"img-fluid w-100 IDKRF4LP68LIV4G3\\\">\",\"is_html\":true},\"IDKRF4Q5GJYAMRA1\":{\"settings\":{\"attributes\":{\"style-identifier\":\"IDKRF4MEZFT78075\"}},\"blocks\":[],\"html\":\"<section class=\\\"py-5 IDKRF4MEZFT78075\\\"><\\/section>\",\"is_html\":true},\"IDKRF4Q5GNL0IQ12\":{\"settings\":{\"attributes\":{\"style-identifier\":\"IDKRF4NS5UUU7RO16\"}},\"blocks\":[],\"html\":\"<h1 data-raw-content=\\\"true\\\" class=\\\"IDKRF4NS5UUU7RO16\\\">Cabinet de avocatur\\u0103&nbsp;<br><\\/h1>\",\"is_html\":true},\"IDKRF4Q5GPLU3683\":{\"settings\":{\"attributes\":{\"style-identifier\":\"IDKRF4NTBMD4X8A18\"}},\"blocks\":[],\"html\":\"<h2 data-raw-content=\\\"true\\\" class=\\\"IDKRF4NTBMD4X8A18\\\"><span style=\\\"color:#f39c12;\\\">\\u200b\\u200b\\u200b\\u200b\\u200b\\u200bLODOAB\\u0102 GHEORGHE-SORIN<\\/span><\\/h2>\",\"is_html\":true},\"IDKRF4Q5GRGA2H64\":{\"settings\":{\"attributes\":{\"style-identifier\":\"IDKRF4NVPM20H6M20\"}},\"blocks\":[],\"html\":\"<p data-raw-content=\\\"true\\\" class=\\\"IDKRF4NVPM20H6M20\\\">\\u00cen proximitatea Palatului de Justi\\u021bie din Cluj-Napoca, oferim servicii juridice personalizate, \\u00een toate domeniile dreptului, \\u00een Cluj sau \\u00een \\u021bar\\u0103.<br><br>Avocat \\u00een Baroul Cluj, Lodoab\\u0103 Gheorghe-Sorin a dob\\u00e2ndit expertiz\\u0103 \\u00een GDPR \\u0219i drept societar, activ\\u00e2nd totodat\\u0103 \\u0219i \\u00een materia dreptului civil, contraven\\u021bional \\u0219i penal.<\\/p>\",\"is_html\":true},\"IDKMC8YCY7RJY3W4\":{\"settings\":{\"attributes\":{\"style-identifier\":\"IDKMC92BLWFIX2F5\"}},\"blocks\":[],\"html\":\"<h1 data-raw-content=\\\"true\\\" class=\\\"IDKMC8X7B2LROSQ22 mb-10 IDKMC92BLWFIX2F5\\\"><span style=\\\"font-size:36px;\\\">Servicii oferite<\\/span><\\/h1>\",\"is_html\":true},\"IDKMC9HX2UME40A30\":{\"settings\":{\"attributes\":{\"style-identifier\":\"IDKMCANP4OHVYHN1\"}},\"blocks\":[],\"html\":\"<div class=\\\"service-item text-center IDKMC99ZW41Y13L21 IDKMCANP4OHVYHN1\\\">\\n    <div class=\\\"service-content IDKMC99ZW7TBU3F22 IDKMCANP4RNDKLC2\\\">\\n        <h4 data-raw-content=\\\"true\\\" class=\\\"title\\\">Drept civil<\\/h4>\\n        <p data-raw-content=\\\"true\\\"><span style=\\\"font-size:12.0pt\\\"><span style=\\\"line-height:107%\\\"><span style=\\\"font-family:&quot;Garamond&quot;,serif\\\">\\u25cf&nbsp;<\\/span><\\/span><\\/span>Oferim consultan\\u021b\\u0103 \\u00een toate materiile de drept civil<br><span style=\\\"font-size:12.0pt\\\"><span style=\\\"line-height:107%\\\"><span style=\\\"font-family:&quot;Garamond&quot;,serif\\\">\\u25cf&nbsp;<\\/span><\\/span><\\/span>Asistare \\u0219i reprezentare \\u00een fa\\u021ba tuturor instan\\u021belor din Rom\\u00e2nia<\\/p>\\n    <\\/div>\\n<\\/div>\",\"is_html\":true},\"IDKMC9HX2WY34G431\":{\"settings\":{\"attributes\":{\"style-identifier\":\"IDKMCANP4VAVFS34\"}},\"blocks\":[],\"html\":\"<div class=\\\"service-item text-center IDKMC9A2Q3Q82NC25 IDKMCANP4VAVFS34\\\">\\n    <div class=\\\"service-content IDKMC9A2Q6BWSIS26 IDKMCANP4WO33QL5\\\">\\n        <h4 data-raw-content=\\\"true\\\" class=\\\"title\\\">Drept penal<\\/h4>\\n        <p data-raw-content=\\\"true\\\"><span style=\\\"font-size:12.0pt\\\"><span style=\\\"line-height:107%\\\"><span style=\\\"font-family:&quot;Garamond&quot;,serif\\\">\\u25cf&nbsp;<\\/span><\\/span><\\/span>Asistare \\u0219i reprezentare \\u00een fa\\u021ba organelor de urm\\u0103rire penal\\u0103\\u200b\\u200b\\u200b\\u200b\\u200b\\u200b\\u200b<br><span style=\\\"font-size:12.0pt\\\"><span style=\\\"line-height:107%\\\"><span style=\\\"font-family:&quot;Garamond&quot;,serif\\\">\\u25cf&nbsp;<\\/span><\\/span><\\/span>Asistare \\u0219i reprezentare \\u00een fa\\u021ba instan\\u021belor de judecat\\u0103<\\/p>\\n    <\\/div>\\n<\\/div>\",\"is_html\":true},\"IDKMC9HX2YM5HP332\":{\"settings\":{\"attributes\":{\"style-identifier\":\"IDKMCANP4L6M4540\"}},\"blocks\":[],\"html\":\"<div class=\\\"row IDKMC9AR6YAH7Y533 IDKMCANP4L6M4540\\\">\\n    <div phpb-blocks-container=\\\"\\\" class=\\\"col-lg-6 align-self-center\\\">[block slug=\\\"servicii\\\" id=\\\"IDKMC9HX2UME40A30\\\"]<\\/div>\\n    <div phpb-blocks-container=\\\"\\\" class=\\\"col-lg-6 align-self-center\\\">[block slug=\\\"servicii\\\" id=\\\"IDKMC9HX2WY34G431\\\"]<\\/div>\\n<\\/div>\",\"is_html\":true},\"IDKMC9HX31F4V2G33\":{\"settings\":{\"attributes\":{\"style-identifier\":\"IDKMCANP50UUS3C8\"}},\"blocks\":[],\"html\":\"<div class=\\\"service-item text-center IDKMC9B5033TX5K36 IDKMCANP50UUS3C8\\\">\\n    <div class=\\\"service-content IDKMC9B4YJGOWO935 IDKMCANP51LOHM79\\\">\\n        <h4 data-raw-content=\\\"true\\\" class=\\\"title\\\">GDPR<\\/h4>\\n        <p data-raw-content=\\\"true\\\"><span style=\\\"font-size:12.0pt\\\"><span style=\\\"line-height:107%\\\"><span style=\\\"font-family:&quot;Garamond&quot;,serif\\\">\\u25cf&nbsp;<\\/span><\\/span><\\/span>Auditare \\u0219i implementare&nbsp;<br><span style=\\\"font-size:12.0pt\\\"><span style=\\\"line-height:107%\\\"><span style=\\\"font-family:&quot;Garamond&quot;,serif\\\">\\u25cf&nbsp;<\\/span><\\/span><\\/span>Redactare \\u0219i modificare acte \\u0219i registre specifice&nbsp;<br><span style=\\\"font-size:12.0pt\\\"><span style=\\\"line-height:107%\\\"><span style=\\\"font-family:&quot;Garamond&quot;,serif\\\">\\u25cf&nbsp;<\\/span><\\/span><\\/span>Consultan\\u021b\\u0103 post-implementare<br><span style=\\\"font-size:12.0pt\\\"><span style=\\\"line-height:107%\\\"><span style=\\\"font-family:&quot;Garamond&quot;,serif\\\">\\u25cf&nbsp;<\\/span><\\/span><\\/span>Asistare \\u0219i reprezentare \\u00een fa\\u021ba ANPDCP sau a instan\\u021belor de judecat\\u0103<br><\\/p>\\n    <\\/div>\\n<\\/div>\",\"is_html\":true},\"IDKMC9HX33QK07A34\":{\"settings\":{\"attributes\":{\"style-identifier\":\"IDKMCFL1MTOWYK11\"}},\"blocks\":[],\"html\":\"<div class=\\\"service-item text-center IDKMC9B5509SXDM39 IDKMCANP54CGLZJ11 IDKMCFL1MTOWYK11\\\">\\n    <div class=\\\"service-content IDKMC9B53FFKCF238 IDKMCANP5610VK612 IDKMCFL1MU0J8TG2\\\">\\n        <h4 data-raw-content=\\\"true\\\" class=\\\"title\\\">Drept comercial \\u0219i societar<\\/h4>\\n        <p data-raw-content=\\\"true\\\"><span style=\\\"font-size:12.0pt\\\"><span style=\\\"line-height:107%\\\"><span style=\\\"font-family:&quot;Garamond&quot;,serif\\\">\\u25cf&nbsp;<\\/span><\\/span><\\/span>Asisten\\u021b\\u0103 \\u0219i consultan\\u021b\\u0103 \\u00een domeniul dreptului afacerilor<br><span style=\\\"font-size:12.0pt\\\"><span style=\\\"line-height:107%\\\"><span style=\\\"font-family:&quot;Garamond&quot;,serif\\\">\\u25cf <\\/span><\\/span><\\/span>Negociere, mediere \\u0219i conciliere<br><span style=\\\"font-size:12.0pt\\\"><span style=\\\"line-height:107%\\\"><span style=\\\"font-family:&quot;Garamond&quot;,serif\\\">\\u25cf&nbsp;<\\/span><\\/span><\\/span>Procedura reorganiz\\u0103rii \\u0219i a insolven\\u021bei<br><span style=\\\"font-size:12.0pt\\\"><span style=\\\"line-height:107%\\\"><span style=\\\"font-family:&quot;Garamond&quot;,serif\\\">\\u25cf&nbsp;<\\/span><\\/span><\\/span>Proprietate intelectual\\u0103<\\/p>\\n    <\\/div>\\n<\\/div>\",\"is_html\":true},\"IDKMC9HX34EK8I835\":{\"settings\":{\"attributes\":{\"style-identifier\":\"IDKMCANP4YXSM057\"}},\"blocks\":[],\"html\":\"<div class=\\\"row IDKMC9B56IOT64940 IDKMCANP4YXSM057\\\">\\n    <div phpb-blocks-container=\\\"\\\" class=\\\"col-lg-6 align-self-center\\\">[block slug=\\\"servicii\\\" id=\\\"IDKMC9HX31F4V2G33\\\"]<\\/div>\\n    <div phpb-blocks-container=\\\"\\\" class=\\\"col-lg-6 align-self-center\\\">[block slug=\\\"servicii\\\" id=\\\"IDKMC9HX33QK07A34\\\"]<\\/div>\\n<\\/div>\",\"is_html\":true},\"IDKMCFO8OAXCRYE4\":{\"settings\":{\"attributes\":{\"style-identifier\":\"IDKMCFLVT0NUZ2L6\"}},\"blocks\":[],\"html\":\"<div class=\\\"service-item text-center IDKMC9B5033TX5K36 IDKMCFLVT0NUZ2L6\\\">\\n    <div class=\\\"service-content IDKMC9B4YJGOWO935 IDKMCFLVSP1TKJN5\\\">\\n        <h4 data-raw-content=\\\"true\\\" class=\\\"title\\\">Drept administrativ \\u0219i fiscal<\\/h4>\\n        <p data-raw-content=\\\"true\\\"><span style=\\\"font-size:12.0pt\\\"><span style=\\\"line-height:107%\\\"><span style=\\\"font-family:&quot;Garamond&quot;,serif\\\">\\u25cf <\\/span><\\/span><\\/span>Formulare pl\\u00e2ngere prealabil\\u0103 \\u0219i anulare acte administrative<br><span style=\\\"font-size:12.0pt\\\"><span style=\\\"line-height:107%\\\"><span style=\\\"font-family:&quot;Garamond&quot;,serif\\\">\\u25cf&nbsp;<\\/span><\\/span><\\/span>Consultan\\u021b\\u0103 de specialitate \\u00een domeniul taxelor \\u0219i impozitelor<span style=\\\"font-size:12.0pt\\\"><span style=\\\"line-height:107%\\\"><span style=\\\"font-family:&quot;Garamond&quot;,serif\\\"><br>\\u25cf&nbsp;<\\/span><\\/span><\\/span>Asistare \\u0219i reprezentare \\u00een fa\\u021ba organelor de control fiscal<br><\\/p>\\n    <\\/div>\\n<\\/div>\",\"is_html\":true},\"IDKMCFO8OCASM635\":{\"settings\":{\"attributes\":{\"style-identifier\":\"IDKMCFLVTLX7TLF8\"}},\"blocks\":[],\"html\":\"<div class=\\\"service-item text-center IDKMC9B5509SXDM39 IDKMCANP54CGLZJ11 IDKMCFLVTLX7TLF8\\\">\\n    <div class=\\\"service-content IDKMC9B53FFKCF238 IDKMCANP5610VK612 IDKMCFLVTC3A9JM7\\\">\\n        <h4 data-raw-content=\\\"true\\\" class=\\\"title\\\">Consultan\\u021b\\u0103 general\\u0103<\\/h4>\\n        <p data-raw-content=\\\"true\\\"><span style=\\\"font-size:12.0pt\\\"><span style=\\\"line-height:107%\\\"><span style=\\\"font-family:&quot;Garamond&quot;,serif\\\">\\u25cf&nbsp;<\\/span><\\/span><\\/span>Redactare, negociere \\u0219i verificare contracte<br><span style=\\\"font-size:12.0pt\\\"><span style=\\\"line-height:107%\\\"><span style=\\\"font-family:&quot;Garamond&quot;,serif\\\">\\u25cf&nbsp;<\\/span><\\/span><\\/span>\\u00centocmire acte necesare \\u00eenfiin\\u021b\\u0103rii unei societ\\u0103\\u021bi<br><span style=\\\"font-size:12.0pt\\\"><span style=\\\"line-height:107%\\\"><span style=\\\"font-family:&quot;Garamond&quot;,serif\\\">\\u25cf&nbsp;<\\/span><\\/span><\\/span>\\u200b\\u200b\\u200b\\u200b\\u200b\\u200b\\u200bRapoarte due dilligence<br><span style=\\\"font-size:12.0pt\\\"><span style=\\\"line-height:107%\\\"><span style=\\\"font-family:&quot;Garamond&quot;,serif\\\">\\u25cf&nbsp;<\\/span><\\/span><\\/span>Auditare juridic\\u0103<\\/p>\\n    <\\/div>\\n<\\/div>\",\"is_html\":true},\"IDKMCFO8OFS7YTC6\":{\"settings\":{\"attributes\":{\"style-identifier\":\"IDKMCFLVTY4WJPO9\"}},\"blocks\":[],\"html\":\"<div class=\\\"row IDKMC9B56IOT64940 IDKMCFLVTY4WJPO9\\\">\\n    <div phpb-blocks-container=\\\"\\\" class=\\\"col-lg-6 align-self-center\\\">[block slug=\\\"servicii\\\" id=\\\"IDKMCFO8OAXCRYE4\\\"]<\\/div>\\n    <div phpb-blocks-container=\\\"\\\" class=\\\"col-lg-6 align-self-center\\\">[block slug=\\\"servicii\\\" id=\\\"IDKMCFO8OCASM635\\\"]<\\/div>\\n<\\/div>\",\"is_html\":true},\"IDKMC93FOPZ48RM0\":{\"settings\":{\"attributes\":{\"style-identifier\":\"IDKMCFL1MWKU8R74\"}},\"blocks\":[],\"html\":\"<img src=\\\"\\/uploads\\/8cf5c7a9704b8a83e2f693525dfd3a6d6e20b8a8\\/istockphoto-1158703224-612x612.jpg\\\" class=\\\"img-fluid w-100 IDKMC93AH0OEV1P14 IDKMC93G6UU4W9K15 IDKMCANP59OK27115 IDKMCFL1MWKU8R74\\\">\",\"is_html\":true},\"IDKMC9HX39KBJ6R36\":{\"settings\":{\"attributes\":{\"style-identifier\":\"IDKMCFL1MW6D5FV3\"}},\"blocks\":[],\"html\":\"<div phpb-blocks-container=\\\"\\\" class=\\\"IDKMC92GP0DDBWQ12 hatur-img IDKMCANP58FWXWC14 IDKMCFL1MW6D5FV3\\\">[block slug=\\\"04 - imagine\\\" id=\\\"IDKMC93FOPZ48RM0\\\"]<\\/div>\",\"is_html\":true},\"IDKMC8YCYIXSDA37\":{\"settings\":{\"attributes\":{\"style-identifier\":\"IDKMC92BLT0QN8D4\"}},\"blocks\":[],\"html\":\"<div class=\\\"row IDKMC8UM33UVHKY17 IDKMC92BLT0QN8D4\\\">\\n    <div phpb-blocks-container=\\\"\\\" class=\\\"col-lg-12 offset-xl-1 col-xl-7\\\">[block slug=\\\"00 - titlu - h1\\\" id=\\\"IDKMC8YCY7RJY3W4\\\"][block slug=\\\"11 - 2 col\\\" id=\\\"IDKMC9HX2YM5HP332\\\"][block slug=\\\"11 - 2 col\\\" id=\\\"IDKMC9HX34EK8I835\\\"][block slug=\\\"11 - 2 col\\\" id=\\\"IDKMCFO8OFS7YTC6\\\"]<\\/div>\\n    <div phpb-blocks-container=\\\"\\\" class=\\\"col-lg-12 col-xl-4 pr-xl-0\\\">[block slug=\\\"17 - div\\\" id=\\\"IDKMC9HX39KBJ6R36\\\"]<\\/div>\\n<\\/div>\",\"is_html\":true},\"IDKMC8YCYKWXUEP8\":{\"settings\":{\"attributes\":{\"style-identifier\":\"IDKMC92BLR6GWE73\"}},\"blocks\":[],\"html\":\"<div phpb-blocks-container=\\\"\\\" class=\\\"pt-50 IDKMC8U7O6HE76F15 IDKMC92BLR6GWE73 bg-right pb-50\\\">[block slug=\\\"15 - 60 40\\\" id=\\\"IDKMC8YCYIXSDA37\\\"]<\\/div>\",\"is_html\":true},\"IDKMC8YCYMZ9XL99\":{\"settings\":{\"attributes\":{\"style-identifier\":\"IDKMC92BLQ7W9OS2\"}},\"blocks\":[],\"html\":\"<div phpb-blocks-container=\\\"\\\" class=\\\"container IDKMC8U2SOL7W6Y13 IDKMC92BLQ7W9OS2 bg-1\\\">[block slug=\\\"17 - div\\\" id=\\\"IDKMC8YCYKWXUEP8\\\"]<\\/div>\",\"is_html\":true},\"IDKPWIVWDM0AGKI0\":{\"settings\":{\"attributes\":{\"nume\":\"1\",\"prenume\":\"1\",\"email\":\"1\",\"telefon\":\"1\",\"judet\":\"1\",\"cui\":\"1\",\"companie\":\"1\",\"credit_types\":\"\",\"style-identifier\":\"IDKPWIVSEYIJ2LZ1\"}},\"blocks\":[],\"html\":\"\",\"is_html\":false},\"IDKMC8YCYNUU1DB10\":{\"settings\":{\"attributes\":{\"style-identifier\":\"IDKMC8TEATH9KWE8\"}},\"blocks\":[],\"html\":\"<div phpb-blocks-container=\\\"\\\" class=\\\"IDKMC8TEATH9KWE8 mt-10 mb-10 mt-5\\\">[block slug=\\\"101 - container-boxed\\\" id=\\\"IDKMC8YCYMZ9XL99\\\"][block slug=\\\"leads-form\\\" id=\\\"IDKPWIVWDM0AGKI0\\\"]<\\/div>\",\"is_html\":true},\"IDKMCASL28HAUHJ4\":{\"settings\":{\"attributes\":{\"style-identifier\":\"IDKMCFL1MG40C7W0\"}},\"blocks\":[],\"html\":\"<div phpb-blocks-container=\\\"\\\" class=\\\"container-fluid IDKMCAO4KIKMFOT17 IDKMCFL1MG40C7W0\\\">[block slug=\\\"04 - imagine\\\" id=\\\"IDKRF4LV60EZY140\\\"][block slug=\\\"05 - spatiu\\\" id=\\\"IDKRF4Q5GJYAMRA1\\\"][block slug=\\\"00 - titlu - h1\\\" id=\\\"IDKRF4Q5GNL0IQ12\\\"][block slug=\\\"01 - subtitlu - h2\\\" id=\\\"IDKRF4Q5GPLU3683\\\"][block slug=\\\"03 - text - paragraph\\\" id=\\\"IDKRF4Q5GRGA2H64\\\"][block slug=\\\"17 - div\\\" id=\\\"IDKMC8YCYNUU1DB10\\\"]<\\/div>\",\"is_html\":true}}}}',NULL,NULL,NULL);

--
-- Table structure for table `pagebuilder__settings`
--

CREATE TABLE `pagebuilder__settings` (
  `id` int(10) unsigned NOT NULL AUTO_INCREMENT,
  `setting` varchar(50) COLLATE utf8mb4_unicode_ci NOT NULL,
  `value` mediumtext COLLATE utf8mb4_unicode_ci NOT NULL,
  `is_array` tinyint(1) NOT NULL,
  `created_at` timestamp NULL DEFAULT NULL,
  `updated_at` timestamp NULL DEFAULT NULL,
  PRIMARY KEY (`id`),
  UNIQUE KEY `pagebuilder__settings_setting_unique` (`setting`)
) ENGINE=InnoDB DEFAULT CHARSET=utf8mb4 COLLATE=utf8mb4_unicode_ci;

--
-- Dumping data for table `pagebuilder__settings`
--


--
-- Table structure for table `pagebuilder__uploads`
--

CREATE TABLE `pagebuilder__uploads` (
  `id` int(10) unsigned NOT NULL AUTO_INCREMENT,
  `public_id` varchar(50) COLLATE utf8mb4_unicode_ci NOT NULL,
  `original_file` varchar(512) COLLATE utf8mb4_unicode_ci NOT NULL,
  `mime_type` varchar(50) COLLATE utf8mb4_unicode_ci NOT NULL,
  `server_file` varchar(512) COLLATE utf8mb4_unicode_ci NOT NULL,
  `created_at` timestamp NULL DEFAULT NULL,
  `updated_at` timestamp NULL DEFAULT NULL,
  PRIMARY KEY (`id`),
  UNIQUE KEY `pagebuilder__uploads_public_id_unique` (`public_id`),
  UNIQUE KEY `pagebuilder__uploads_server_file_unique` (`server_file`)
) ENGINE=InnoDB AUTO_INCREMENT=12 DEFAULT CHARSET=utf8mb4 COLLATE=utf8mb4_unicode_ci;

--
-- Dumping data for table `pagebuilder__uploads`
--

INSERT INTO `pagebuilder__uploads` VALUES (1,'8cf5c7a9704b8a83e2f693525dfd3a6d6e20b8a8','istockphoto-1158703224-612x612.jpg','image/jpeg','8cf5c7a9704b8a83e2f693525dfd3a6d6e20b8a8/istockphoto-1158703224-612x612.jpg',NULL,NULL),(2,'2ab3c97a717ae541249f1699d24861a9c2443ac3','poza-final-980.jpg','image/jpeg','2ab3c97a717ae541249f1699d24861a9c2443ac3/poza-final-980.jpg',NULL,NULL),(3,'7c027aa776811e631d1d6380d29c9c8ce940a23e','HOA-Attorneys-â€“-Why-They-Are-Important-And-How-To-Find-One.jpg','image/jpeg','7c027aa776811e631d1d6380d29c9c8ce940a23e/HOA-Attorneys-â€“-Why-They-Are-Important-And-How-To-Find-One.jpg',NULL,NULL),(5,'5d67285a3402f4e3a7a8fd37d66310ab68bc030f','5-things-to-consider-when-signing-a-contract.jpg','image/jpeg','5d67285a3402f4e3a7a8fd37d66310ab68bc030f/5-things-to-consider-when-signing-a-contract.jpg',NULL,NULL),(6,'12d737e31931d690ac246371154622c1df1cdd9e','two-businessmen-shake-hands-to-celebrate-a-business-deal-free-photo.jpg','image/jpeg','12d737e31931d690ac246371154622c1df1cdd9e/two-businessmen-shake-hands-to-celebrate-a-business-deal-free-photo.jpg',NULL,NULL),(7,'30dbdf9b9c8f5a2f84a7efc4164c7c9826aebcac','IMG_8045.JPG','image/jpeg','30dbdf9b9c8f5a2f84a7efc4164c7c9826aebcac/IMG_8045.JPG',NULL,NULL),(9,'657e0108d17588554191d722086e3bcdc6baa08a','IMG_8033 2.JPG','image/jpeg','657e0108d17588554191d722086e3bcdc6baa08a/IMG_8033 2.JPG',NULL,NULL),(10,'d9f93d1cd82aaea4d49e79baabbf23019f974ea3','IMG_8045.JPG','image/jpeg','d9f93d1cd82aaea4d49e79baabbf23019f974ea3/IMG_8045.JPG',NULL,NULL),(11,'2299e940c4f97073136be47869550a796eb93d54','IMG_8035.JPG','image/jpeg','2299e940c4f97073136be47869550a796eb93d54/IMG_8035.JPG',NULL,NULL);

--
-- Table structure for table `password_resets`
--

CREATE TABLE `password_resets` (
  `email` varchar(255) COLLATE utf8mb4_unicode_ci NOT NULL,
  `token` varchar(255) COLLATE utf8mb4_unicode_ci NOT NULL,
  `created_at` timestamp NULL DEFAULT NULL,
  KEY `password_resets_email_index` (`email`)
) ENGINE=InnoDB DEFAULT CHARSET=utf8mb4 COLLATE=utf8mb4_unicode_ci;

--
-- Dumping data for table `password_resets`
--


--
-- Table structure for table `permission_role`
--

CREATE TABLE `permission_role` (
  `permission_id` bigint(20) unsigned NOT NULL,
  `role_id` bigint(20) unsigned NOT NULL,
  PRIMARY KEY (`permission_id`,`role_id`),
  KEY `permission_role_permission_id_index` (`permission_id`),
  KEY `permission_role_role_id_index` (`role_id`),
  CONSTRAINT `permission_role_permission_id_foreign` FOREIGN KEY (`permission_id`) REFERENCES `permissions` (`id`) ON DELETE CASCADE,
  CONSTRAINT `permission_role_role_id_foreign` FOREIGN KEY (`role_id`) REFERENCES `roles` (`id`) ON DELETE CASCADE
) ENGINE=InnoDB DEFAULT CHARSET=utf8mb4 COLLATE=utf8mb4_unicode_ci;

--
-- Dumping data for table `permission_role`
--

INSERT INTO `permission_role` VALUES (1,1),(1,2),(2,1),(3,1),(4,1),(4,2),(5,1),(6,1),(6,2),(7,1),(7,2),(8,1),(8,2),(9,1),(9,2),(10,1),(10,2),(11,1),(12,1),(13,1),(14,1),(15,1),(16,1),(17,1),(18,1),(19,1),(20,1),(21,1),(22,1),(23,1),(24,1),(25,1),(26,1),(32,1),(32,2),(33,1),(33,2),(34,1),(34,2),(35,1),(35,2),(36,1),(36,2),(37,1),(37,2),(38,1),(38,2),(39,1),(39,2),(40,1),(40,2),(41,1),(41,2),(42,1),(42,2),(43,1),(43,2),(44,1),(44,2),(45,1),(45,2),(46,1),(46,2),(47,1),(47,2),(48,1),(48,2),(49,1),(49,2),(50,1),(50,2),(51,1),(51,2);

--
-- Table structure for table `permissions`
--

CREATE TABLE `permissions` (
  `id` bigint(20) unsigned NOT NULL AUTO_INCREMENT,
  `key` varchar(255) COLLATE utf8mb4_unicode_ci NOT NULL,
  `table_name` varchar(255) COLLATE utf8mb4_unicode_ci DEFAULT NULL,
  `created_at` timestamp NULL DEFAULT NULL,
  `updated_at` timestamp NULL DEFAULT NULL,
  PRIMARY KEY (`id`),
  KEY `permissions_key_index` (`key`)
) ENGINE=InnoDB AUTO_INCREMENT=52 DEFAULT CHARSET=utf8mb4 COLLATE=utf8mb4_unicode_ci;

--
-- Dumping data for table `permissions`
--

INSERT INTO `permissions` VALUES (1,'browse_admin',NULL,'2021-02-15 11:11:53','2021-02-15 11:11:53'),(2,'browse_bread',NULL,'2021-02-15 11:11:53','2021-02-15 11:11:53'),(3,'browse_database',NULL,'2021-02-15 11:11:53','2021-02-15 11:11:53'),(4,'browse_media',NULL,'2021-02-15 11:11:53','2021-02-15 11:11:53'),(5,'browse_compass',NULL,'2021-02-15 11:11:53','2021-02-15 11:11:53'),(6,'browse_menus','menus','2021-02-15 11:11:53','2021-02-15 11:11:53'),(7,'read_menus','menus','2021-02-15 11:11:53','2021-02-15 11:11:53'),(8,'edit_menus','menus','2021-02-15 11:11:53','2021-02-15 11:11:53'),(9,'add_menus','menus','2021-02-15 11:11:53','2021-02-15 11:11:53'),(10,'delete_menus','menus','2021-02-15 11:11:53','2021-02-15 11:11:53'),(11,'browse_roles','roles','2021-02-15 11:11:53','2021-02-15 11:11:53'),(12,'read_roles','roles','2021-02-15 11:11:53','2021-02-15 11:11:53'),(13,'edit_roles','roles','2021-02-15 11:11:53','2021-02-15 11:11:53'),(14,'add_roles','roles','2021-02-15 11:11:53','2021-02-15 11:11:53'),(15,'delete_roles','roles','2021-02-15 11:11:53','2021-02-15 11:11:53'),(16,'browse_users','users','2021-02-15 11:11:53','2021-02-15 11:11:53'),(17,'read_users','users','2021-02-15 11:11:53','2021-02-15 11:11:53'),(18,'edit_users','users','2021-02-15 11:11:53','2021-02-15 11:11:53'),(19,'add_users','users','2021-02-15 11:11:53','2021-02-15 11:11:53'),(20,'delete_users','users','2021-02-15 11:11:53','2021-02-15 11:11:53'),(21,'browse_settings','settings','2021-02-15 11:11:53','2021-02-15 11:11:53'),(22,'read_settings','settings','2021-02-15 11:11:53','2021-02-15 11:11:53'),(23,'edit_settings','settings','2021-02-15 11:11:53','2021-02-15 11:11:53'),(24,'add_settings','settings','2021-02-15 11:11:53','2021-02-15 11:11:53'),(25,'delete_settings','settings','2021-02-15 11:11:53','2021-02-15 11:11:53'),(26,'browse_hooks',NULL,'2021-02-15 11:11:54','2021-02-15 11:11:54'),(32,'browse_blog-posts','blog-posts','2021-03-03 09:27:22','2021-03-03 09:27:22'),(33,'read_blog-posts','blog-posts','2021-03-03 09:27:22','2021-03-03 09:27:22'),(34,'edit_blog-posts','blog-posts','2021-03-03 09:27:22','2021-03-03 09:27:22'),(35,'add_blog-posts','blog-posts','2021-03-03 09:27:22','2021-03-03 09:27:22'),(36,'delete_blog-posts','blog-posts','2021-03-03 09:27:22','2021-03-03 09:27:22'),(37,'browse_pagebuilder__page_translations','pagebuilder__page_translations','2021-03-03 10:37:28','2021-03-03 10:37:28'),(38,'read_pagebuilder__page_translations','pagebuilder__page_translations','2021-03-03 10:37:28','2021-03-03 10:37:28'),(39,'edit_pagebuilder__page_translations','pagebuilder__page_translations','2021-03-03 10:37:28','2021-03-03 10:37:28'),(40,'add_pagebuilder__page_translations','pagebuilder__page_translations','2021-03-03 10:37:28','2021-03-03 10:37:28'),(41,'delete_pagebuilder__page_translations','pagebuilder__page_translations','2021-03-03 10:37:28','2021-03-03 10:37:28'),(42,'browse_blog_posts','blog_posts','2021-03-05 14:27:35','2021-03-05 14:27:35'),(43,'read_blog_posts','blog_posts','2021-03-05 14:27:35','2021-03-05 14:27:35'),(44,'edit_blog_posts','blog_posts','2021-03-05 14:27:35','2021-03-05 14:27:35'),(45,'add_blog_posts','blog_posts','2021-03-05 14:27:35','2021-03-05 14:27:35'),(46,'delete_blog_posts','blog_posts','2021-03-05 14:27:35','2021-03-05 14:27:35'),(47,'browse_pagebuilder__pages','pagebuilder__pages','2021-03-10 05:54:11','2021-03-10 05:54:11'),(48,'read_pagebuilder__pages','pagebuilder__pages','2021-03-10 05:54:11','2021-03-10 05:54:11'),(49,'edit_pagebuilder__pages','pagebuilder__pages','2021-03-10 05:54:11','2021-03-10 05:54:11'),(50,'add_pagebuilder__pages','pagebuilder__pages','2021-03-10 05:54:11','2021-03-10 05:54:11'),(51,'delete_pagebuilder__pages','pagebuilder__pages','2021-03-10 05:54:12','2021-03-10 05:54:12');

--
-- Table structure for table `roles`
--

CREATE TABLE `roles` (
  `id` bigint(20) unsigned NOT NULL AUTO_INCREMENT,
  `name` varchar(255) COLLATE utf8mb4_unicode_ci NOT NULL,
  `display_name` varchar(255) COLLATE utf8mb4_unicode_ci NOT NULL,
  `created_at` timestamp NULL DEFAULT NULL,
  `updated_at` timestamp NULL DEFAULT NULL,
  PRIMARY KEY (`id`),
  UNIQUE KEY `roles_name_unique` (`name`)
) ENGINE=InnoDB AUTO_INCREMENT=3 DEFAULT CHARSET=utf8mb4 COLLATE=utf8mb4_unicode_ci;

--
-- Dumping data for table `roles`
--

INSERT INTO `roles` VALUES (1,'admin','Administrator','2021-02-15 11:11:53','2021-02-15 11:11:53'),(2,'editor','Editor','2021-02-15 11:11:53','2021-02-15 11:30:35');

--
-- Table structure for table `settings`
--

CREATE TABLE `settings` (
  `id` int(10) unsigned NOT NULL AUTO_INCREMENT,
  `key` varchar(255) COLLATE utf8mb4_unicode_ci NOT NULL,
  `display_name` varchar(255) COLLATE utf8mb4_unicode_ci NOT NULL,
  `value` text COLLATE utf8mb4_unicode_ci,
  `details` text COLLATE utf8mb4_unicode_ci,
  `type` varchar(255) COLLATE utf8mb4_unicode_ci NOT NULL,
  `order` int(11) NOT NULL DEFAULT '1',
  `group` varchar(255) COLLATE utf8mb4_unicode_ci DEFAULT NULL,
  PRIMARY KEY (`id`),
  UNIQUE KEY `settings_key_unique` (`key`)
) ENGINE=InnoDB AUTO_INCREMENT=24 DEFAULT CHARSET=utf8mb4 COLLATE=utf8mb4_unicode_ci;

--
-- Dumping data for table `settings`
--

INSERT INTO `settings` VALUES (1,'site.title','Site Title','Site Title','','text',1,'Site'),(2,'site.description','Site Description','Site Description','','text',2,'Site'),(3,'site.logo','Site Logo','','','image',3,'Site'),(4,'site.google_analytics_tracking_id','Google Analytics Tracking ID',NULL,'','text',4,'Site'),(5,'admin.bg_image','Admin Background Image','','','image',5,'Admin'),(6,'admin.title','Admin Title','Voyager','','text',1,'Admin'),(7,'admin.description','Admin Description','Welcome to Voyager. The Missing Admin for Laravel','','text',2,'Admin'),(8,'admin.loader','Admin Loader','','','image',3,'Admin'),(9,'admin.icon_image','Admin Icon Image','','','image',4,'Admin'),(10,'admin.google_analytics_client_id','Google Analytics Client ID (used for admin dashboard)',NULL,'','text',1,'Admin'),(18,'business.ig','Instagram',NULL,NULL,'text',14,'Business'),(19,'business.fb','Facebook',NULL,NULL,'text',13,'Business'),(20,'business.ln','Linkedin',NULL,NULL,'text',15,'Business'),(21,'business.address','Address','Cluj-Napoca, Calea Dorobanților, nr. 6, ap. 3, jud. Cluj',NULL,'text_area',16,'Business'),(22,'business.email','Email','contact@av.lodoabasorin.ro',NULL,'text',17,'Business'),(23,'business.phone','Phone','+40733652877',NULL,'text',18,'Business');

--
-- Table structure for table `translations`
--

CREATE TABLE `translations` (
  `id` int(10) unsigned NOT NULL AUTO_INCREMENT,
  `table_name` varchar(255) COLLATE utf8mb4_unicode_ci NOT NULL,
  `column_name` varchar(255) COLLATE utf8mb4_unicode_ci NOT NULL,
  `foreign_key` int(10) unsigned NOT NULL,
  `locale` varchar(255) COLLATE utf8mb4_unicode_ci NOT NULL,
  `value` text COLLATE utf8mb4_unicode_ci NOT NULL,
  `created_at` timestamp NULL DEFAULT NULL,
  `updated_at` timestamp NULL DEFAULT NULL,
  PRIMARY KEY (`id`),
  UNIQUE KEY `translations_table_name_column_name_foreign_key_locale_unique` (`table_name`,`column_name`,`foreign_key`,`locale`)
) ENGINE=InnoDB DEFAULT CHARSET=utf8mb4 COLLATE=utf8mb4_unicode_ci;

--
-- Dumping data for table `translations`
--


--
-- Table structure for table `user_roles`
--

CREATE TABLE `user_roles` (
  `user_id` bigint(20) unsigned NOT NULL,
  `role_id` bigint(20) unsigned NOT NULL,
  PRIMARY KEY (`user_id`,`role_id`),
  KEY `user_roles_user_id_index` (`user_id`),
  KEY `user_roles_role_id_index` (`role_id`),
  CONSTRAINT `user_roles_role_id_foreign` FOREIGN KEY (`role_id`) REFERENCES `roles` (`id`) ON DELETE CASCADE,
  CONSTRAINT `user_roles_user_id_foreign` FOREIGN KEY (`user_id`) REFERENCES `users` (`id`) ON DELETE CASCADE
) ENGINE=InnoDB DEFAULT CHARSET=utf8mb4 COLLATE=utf8mb4_unicode_ci;

--
-- Dumping data for table `user_roles`
--


--
-- Table structure for table `users`
--

CREATE TABLE `users` (
  `id` bigint(20) unsigned NOT NULL AUTO_INCREMENT,
  `role_id` bigint(20) unsigned DEFAULT NULL,
  `name` varchar(255) COLLATE utf8mb4_unicode_ci NOT NULL,
  `email` varchar(255) COLLATE utf8mb4_unicode_ci NOT NULL,
  `avatar` varchar(255) COLLATE utf8mb4_unicode_ci DEFAULT 'users/default.png',
  `email_verified_at` timestamp NULL DEFAULT NULL,
  `password` varchar(255) COLLATE utf8mb4_unicode_ci NOT NULL,
  `remember_token` varchar(100) COLLATE utf8mb4_unicode_ci DEFAULT NULL,
  `settings` text COLLATE utf8mb4_unicode_ci,
  `created_at` timestamp NULL DEFAULT NULL,
  `updated_at` timestamp NULL DEFAULT NULL,
  PRIMARY KEY (`id`),
  UNIQUE KEY `users_email_unique` (`email`),
  KEY `users_role_id_foreign` (`role_id`),
  CONSTRAINT `users_role_id_foreign` FOREIGN KEY (`role_id`) REFERENCES `roles` (`id`)
) ENGINE=InnoDB AUTO_INCREMENT=3 DEFAULT CHARSET=utf8mb4 COLLATE=utf8mb4_unicode_ci;

--
-- Dumping data for table `users`
--

INSERT INTO `users` VALUES (1,1,'admin','mihai@digitalrepublic.ro','users/default.png',NULL,'$2y$10$2xwlTxVzaXPXu6pD6TjFcO8Gg4vpfhLWaqd1pHWOCiIkW4QEEjleu',NULL,NULL,'2021-03-15 15:12:08','2021-03-15 15:12:08'),(2,1,'Lodoaba Sorin','av.lodoabasorin@gmail.com','users/default.png',NULL,'$2y$10$gogJEGIeb2.WBYNSLpUvMOiuvLAh8q.bB7/PAbhB6mNpfz2/B4BmG','RHkXrpiRsaMe9qzA3xdkoo15jZSCS4JdPVKi1WQPmnUUJvU2ea2CN81dUXzz','{\"locale\":\"ro\"}','2021-05-06 15:46:51','2021-05-06 15:46:51');


